CRAN Package Check Results for Package icsurvROC

Last updated on 2019-01-22 11:52:13 CET.

Flavor Version Tinstall Tcheck Ttotal Status Flags
r-devel-linux-x86_64-debian-clang 0.1.0 4.74 54.85 59.59 OK
r-devel-linux-x86_64-debian-gcc 0.1.0 4.29 43.80 48.09 OK
r-devel-linux-x86_64-fedora-clang 0.1.0 73.04 OK
r-devel-linux-x86_64-fedora-gcc 0.1.0 66.89 OK
r-devel-windows-ix86+x86_64 0.1.0 11.00 88.00 99.00 OK
r-patched-linux-x86_64 0.1.0 3.66 52.91 56.57 OK
r-patched-solaris-x86 0.1.0 113.70 OK
r-release-linux-x86_64 0.1.0 4.02 52.67 56.69 OK
r-release-windows-ix86+x86_64 0.1.0 12.00 92.00 104.00 OK
r-release-osx-x86_64 0.1.0 OK
r-oldrel-osx-x86_64 0.1.0 ERROR

Check Details

Version: 0.1.0
Check: whether package can be installed
Result: ERROR
    Installation failed.
Flavor: r-oldrel-osx-x86_64