CRAN Package Check Results for Package identity

Last updated on 2021-10-20 05:50:45 CEST.

Flavor Version Tinstall Tcheck Ttotal Status Flags
r-devel-linux-x86_64-debian-clang 0.2-1 3.46 17.95 21.41 NOTE
r-devel-linux-x86_64-debian-gcc 0.2-1 2.44 14.94 17.38 NOTE
r-devel-linux-x86_64-fedora-clang 0.2-1 37.99 NOTE
r-devel-linux-x86_64-fedora-gcc 0.2-1 26.90 NOTE
r-devel-windows-x86_64 0.2-1 6.00 34.00 40.00 OK
r-devel-windows-x86_64-gcc10-UCRT 0.2-1 OK
r-patched-linux-x86_64 0.2-1 2.65 17.71 20.36 NOTE
r-patched-solaris-x86 0.2-1 41.80 OK
r-release-linux-x86_64 0.2-1 2.74 18.32 21.06 NOTE
r-release-macos-arm64 0.2-1 OK
r-release-macos-x86_64 0.2-1 OK
r-release-windows-ix86+x86_64 0.2-1 11.00 30.00 41.00 OK
r-oldrel-macos-x86_64 0.2-1 OK
r-oldrel-windows-ix86+x86_64 0.2-1 8.00 30.00 38.00 OK

Check Details

Version: 0.2-1
Check: top-level files
Result: NOTE
    Non-standard file/directory found at top level:
     'README.Idcoefs2b1.txt'
Flavors: r-devel-linux-x86_64-debian-clang, r-devel-linux-x86_64-debian-gcc, r-devel-linux-x86_64-fedora-clang, r-devel-linux-x86_64-fedora-gcc, r-patched-linux-x86_64, r-release-linux-x86_64

Version: 0.2-1
Check: compiled code
Result: NOTE
    File ‘identity/libs/identity.so’:
     Found no calls to: ‘R_registerRoutines’, ‘R_useDynamicSymbols’
    
    It is good practice to register native routines and to disable symbol
    search.
    
    See ‘Writing portable packages’ in the ‘Writing R Extensions’ manual.
Flavors: r-devel-linux-x86_64-fedora-clang, r-devel-linux-x86_64-fedora-gcc