CRAN Package Check Results for Package idx2r

Last updated on 2021-09-21 18:49:44 CEST.

Flavor Version Tinstall Tcheck Ttotal Status Flags
r-devel-linux-x86_64-debian-clang 1.0.0 1.93 23.87 25.80 OK
r-devel-linux-x86_64-debian-gcc 1.0.0 1.57 18.87 20.44 OK
r-devel-linux-x86_64-fedora-clang 1.0.0 40.07 OK
r-devel-linux-x86_64-fedora-gcc 1.0.0 30.31 OK
r-devel-windows-x86_64 1.0.0 3.00 30.00 33.00 OK
r-devel-windows-x86_64-gcc10-UCRT 1.0.0 ERROR
r-patched-linux-x86_64 1.0.0 1.54 23.30 24.84 OK
r-patched-solaris-x86 1.0.0 45.80 OK
r-release-linux-x86_64 1.0.0 1.76 23.14 24.90 OK
r-release-macos-arm64 1.0.0 OK
r-release-macos-x86_64 1.0.0 OK
r-release-windows-ix86+x86_64 1.0.0 6.00 29.00 35.00 OK
r-oldrel-macos-x86_64 1.0.0 OK
r-oldrel-windows-ix86+x86_64 1.0.0 4.00 30.00 34.00 OK

Check Details

Version: 1.0.0
Check: whether package can be installed
Result: WARN
    Found the following significant warnings:
     WARNING: installation-time patches will not be applied, could not get the patches index
Flavor: r-devel-windows-x86_64-gcc10-UCRT

Version: 1.0.0
Check: PDF version of manual
Result: WARN
    LaTeX errors when creating PDF version.
    This typically indicates Rd problems.
Flavor: r-devel-windows-x86_64-gcc10-UCRT

Version: 1.0.0
Check: PDF version of manual without hyperrefs or index
Result: ERROR
    Re-running with no redirection of stdout/stderr.
Flavor: r-devel-windows-x86_64-gcc10-UCRT