CRAN Package Check Results for Package ie2miscdata

Last updated on 2022-08-14 11:53:02 CEST.

Flavor Version Tinstall Tcheck Ttotal Status Flags
r-devel-linux-x86_64-debian-clang 1.0.2 2.99 43.98 46.97 OK
r-devel-linux-x86_64-debian-gcc 1.0.2 2.39 33.55 35.94 OK
r-devel-linux-x86_64-fedora-clang 1.0.2 65.96 NOTE
r-devel-linux-x86_64-fedora-gcc 1.0.2 64.04 NOTE
r-devel-windows-x86_64 1.0.2 72.00 79.00 151.00 OK
r-patched-linux-x86_64 1.0.2 4.64 41.22 45.86 OK
r-release-linux-x86_64 1.0.2 3.06 40.88 43.94 OK
r-release-macos-arm64 1.0.2 24.00 NOTE
r-release-macos-x86_64 1.0.2 38.00 NOTE
r-release-windows-x86_64 1.0.2 87.00 90.00 177.00 OK
r-oldrel-macos-arm64 1.0.2 33.00 NOTE
r-oldrel-macos-x86_64 1.0.2 39.00 NOTE
r-oldrel-windows-ix86+x86_64 1.0.2 8.00 71.00 79.00 OK

Check Details

Version: 1.0.2
Check: dependencies in R code
Result: NOTE
    Namespace in Imports field not imported from: ‘lubridate’
     All declared Imports should be used.
Flavors: r-devel-linux-x86_64-fedora-clang, r-devel-linux-x86_64-fedora-gcc, r-release-macos-arm64, r-release-macos-x86_64, r-oldrel-macos-arm64, r-oldrel-macos-x86_64

Version: 1.0.2
Check: data for non-ASCII characters
Result: NOTE
     Note: found 4 marked UTF-8 strings
Flavors: r-devel-linux-x86_64-fedora-clang, r-devel-linux-x86_64-fedora-gcc, r-release-macos-arm64, r-release-macos-x86_64, r-oldrel-macos-arm64, r-oldrel-macos-x86_64