CRAN Package Check Results for Package iemisctext

Last updated on 2021-05-09 00:47:09 CEST.

Flavor Version Tinstall Tcheck Ttotal Status Flags
r-devel-linux-x86_64-debian-clang 0.9.99 1.57 28.17 29.74 OK
r-devel-linux-x86_64-debian-gcc 0.9.99 1.66 22.17 23.83 OK
r-devel-linux-x86_64-fedora-clang 0.9.99 47.15 NOTE
r-devel-linux-x86_64-fedora-gcc 0.9.99 37.25 NOTE
r-devel-windows-ix86+x86_64 0.9.99 4.00 47.00 51.00 OK
r-devel-windows-x86_64-gcc10-UCRT 0.9.99 NOTE
r-patched-linux-x86_64 0.9.99 1.86 27.37 29.23 OK
r-patched-solaris-x86 0.9.99 56.00 NOTE
r-release-linux-x86_64 0.9.99 1.89 27.13 29.02 OK
r-release-macos-x86_64 0.9.99 NOTE
r-release-windows-ix86+x86_64 0.9.99 4.00 37.00 41.00 OK
r-oldrel-macos-x86_64 0.9.99 NOTE
r-oldrel-windows-ix86+x86_64 0.9.99 5.00 44.00 49.00 OK

Check Details

Version: 0.9.99
Check: data for non-ASCII characters
Result: NOTE
     Note: found 40 marked UTF-8 strings
Flavors: r-devel-linux-x86_64-fedora-clang, r-devel-linux-x86_64-fedora-gcc, r-devel-windows-x86_64-gcc10-UCRT, r-patched-solaris-x86, r-release-macos-x86_64, r-oldrel-macos-x86_64