CRAN Package Check Results for Package iemisctext

Last updated on 2020-11-27 00:48:52 CET.

Flavor Version Tinstall Tcheck Ttotal Status Flags
r-devel-linux-x86_64-debian-clang 0.9.99 2.46 30.30 32.76 OK
r-devel-linux-x86_64-debian-gcc 0.9.99 1.72 22.81 24.53 OK
r-devel-linux-x86_64-fedora-clang 0.9.99 44.78 NOTE
r-devel-linux-x86_64-fedora-gcc 0.9.99 34.73 NOTE
r-devel-windows-ix86+x86_64 0.9.99 5.00 34.00 39.00 OK
r-patched-linux-x86_64 0.9.99 2.43 28.05 30.48 OK
r-patched-solaris-x86 0.9.99 53.30 NOTE
r-release-linux-x86_64 0.9.99 2.48 29.69 32.17 OK
r-release-macos-x86_64 0.9.99 NOTE
r-release-windows-ix86+x86_64 0.9.99 5.00 41.00 46.00 OK
r-oldrel-macos-x86_64 0.9.99 NOTE
r-oldrel-windows-ix86+x86_64 0.9.99 4.00 45.00 49.00 OK

Check Details

Version: 0.9.99
Check: data for non-ASCII characters
Result: NOTE
     Note: found 40 marked UTF-8 strings
Flavors: r-devel-linux-x86_64-fedora-clang, r-devel-linux-x86_64-fedora-gcc, r-patched-solaris-x86, r-release-macos-x86_64, r-oldrel-macos-x86_64