CRAN Package Check Results for Package ifctools

Last updated on 2020-03-31 19:49:45 CEST.

Flavor Version Tinstall Tcheck Ttotal Status Flags
r-devel-linux-x86_64-debian-clang 0.3.2 3.02 19.75 22.77 OK
r-devel-linux-x86_64-debian-gcc 0.3.2 2.19 15.78 17.97 OK
r-devel-linux-x86_64-fedora-clang 0.3.2 27.92 NOTE
r-devel-linux-x86_64-fedora-gcc 0.3.2 27.53 NOTE
r-devel-windows-ix86+x86_64 0.3.2 16.00 42.00 58.00 OK
r-devel-windows-ix86+x86_64-gcc8 0.3.2 11.00 44.00 55.00 OK
r-patched-linux-x86_64 0.3.2 2.50 19.39 21.89 OK
r-patched-solaris-x86 0.3.2 44.10 OK
r-release-linux-x86_64 0.3.2 2.29 18.11 20.40 OK
r-release-windows-ix86+x86_64 0.3.2 14.00 58.00 72.00 OK
r-release-osx-x86_64 0.3.2 OK
r-oldrel-windows-ix86+x86_64 0.3.2 11.00 59.00 70.00 OK
r-oldrel-osx-x86_64 0.3.2 OK

Check Details

Version: 0.3.2
Check: compiled code
Result: NOTE
    File ‘ifctools/libs/ifctools.so’:
     Found no calls to: ‘R_registerRoutines’, ‘R_useDynamicSymbols’
    
    It is good practice to register native routines and to disable symbol
    search.
    
    See ‘Writing portable packages’ in the ‘Writing R Extensions’ manual.
Flavors: r-devel-linux-x86_64-fedora-clang, r-devel-linux-x86_64-fedora-gcc