CRAN Package Check Results for Package igoR

Last updated on 2022-12-09 10:00:24 CET.

Flavor Version Tinstall Tcheck Ttotal Status Flags
r-devel-linux-x86_64-debian-clang 0.1.4 9.08 66.73 75.81 OK
r-devel-linux-x86_64-debian-gcc 0.1.4 6.90 52.61 59.51 OK
r-devel-linux-x86_64-fedora-clang 0.1.4 104.42 NOTE
r-devel-linux-x86_64-fedora-gcc 0.1.4 115.90 NOTE
r-devel-windows-x86_64 0.1.4 15.00 98.00 113.00 OK
r-patched-linux-x86_64 0.1.4 8.41 65.81 74.22 OK
r-release-linux-x86_64 0.1.4 7.64 65.73 73.37 OK
r-release-macos-arm64 0.1.4 37.00 NOTE
r-release-macos-x86_64 0.1.4 49.00 NOTE
r-release-windows-x86_64 0.1.4 16.00 103.00 119.00 OK
r-oldrel-macos-arm64 0.1.4 41.00 NOTE
r-oldrel-macos-x86_64 0.1.4 79.00 NOTE
r-oldrel-windows-ix86+x86_64 0.1.4 15.00 93.00 108.00 OK

Check Details

Version: 0.1.4
Check: data for non-ASCII characters
Result: NOTE
     Note: found 160 marked UTF-8 strings
Flavors: r-devel-linux-x86_64-fedora-clang, r-devel-linux-x86_64-fedora-gcc, r-release-macos-arm64, r-release-macos-x86_64, r-oldrel-macos-arm64, r-oldrel-macos-x86_64