CRAN Package Check Results for Package igoR

Last updated on 2021-09-20 09:54:05 CEST.

Flavor Version Tinstall Tcheck Ttotal Status Flags
r-devel-linux-x86_64-debian-clang 0.1.2 8.19 58.20 66.39 OK
r-devel-linux-x86_64-debian-gcc 0.1.2 7.50 44.46 51.96 OK
r-devel-linux-x86_64-fedora-clang 0.1.2 90.76 NOTE
r-devel-linux-x86_64-fedora-gcc 0.1.2 81.79 NOTE
r-devel-windows-x86_64 0.1.2 10.00 60.00 70.00 OK
r-devel-windows-x86_64-gcc10-UCRT 0.1.2 ERROR
r-patched-linux-x86_64 0.1.2 8.38 56.52 64.90 OK
r-patched-solaris-x86 0.1.2 124.30 NOTE
r-release-linux-x86_64 0.1.2 9.02 57.04 66.06 OK
r-release-macos-arm64 0.1.2 NOTE
r-release-macos-x86_64 0.1.2 NOTE
r-release-windows-ix86+x86_64 0.1.2 15.00 59.00 74.00 OK
r-oldrel-macos-x86_64 0.1.2 NOTE
r-oldrel-windows-ix86+x86_64 0.1.2 14.00 63.00 77.00 OK

Check Details

Version: 0.1.2
Check: data for non-ASCII characters
Result: NOTE
     Note: found 160 marked UTF-8 strings
Flavors: r-devel-linux-x86_64-fedora-clang, r-devel-linux-x86_64-fedora-gcc, r-devel-windows-x86_64-gcc10-UCRT, r-patched-solaris-x86, r-release-macos-arm64, r-release-macos-x86_64, r-oldrel-macos-x86_64

Version: 0.1.2
Check: whether package can be installed
Result: WARN
    Found the following significant warnings:
     WARNING: installation-time patches will not be applied, could not get the patches index
Flavor: r-devel-windows-x86_64-gcc10-UCRT

Version: 0.1.2
Check: PDF version of manual
Result: WARN
    LaTeX errors when creating PDF version.
    This typically indicates Rd problems.
Flavor: r-devel-windows-x86_64-gcc10-UCRT

Version: 0.1.2
Check: PDF version of manual without hyperrefs or index
Result: ERROR
    Re-running with no redirection of stdout/stderr.
Flavor: r-devel-windows-x86_64-gcc10-UCRT