Last updated on 2022-05-26 00:54:53 CEST.
Flavor | Version | Tinstall | Tcheck | Ttotal | Status | Flags |
---|---|---|---|---|---|---|
r-devel-linux-x86_64-debian-clang | 1.3.1 | 250.44 | 298.17 | 548.61 | OK | |
r-devel-linux-x86_64-debian-gcc | 1.3.1 | 206.38 | 225.28 | 431.66 | OK | |
r-devel-linux-x86_64-fedora-clang | 1.3.1 | 706.35 | NOTE | |||
r-devel-linux-x86_64-fedora-gcc | 1.3.1 | 665.61 | OK | |||
r-devel-windows-x86_64 | 1.3.1 | 833.00 | 457.00 | 1290.00 | NOTE | |
r-patched-linux-x86_64 | 1.3.1 | 212.17 | 290.33 | 502.50 | OK | |
r-release-linux-x86_64 | 1.3.1 | OK | ||||
r-release-macos-arm64 | 1.3.1 | 171.00 | NOTE | |||
r-release-macos-x86_64 | 1.3.1 | 261.00 | NOTE | |||
r-release-windows-x86_64 | 1.3.1 | 750.00 | 459.00 | 1209.00 | NOTE | |
r-oldrel-macos-arm64 | 1.3.1 | 173.00 | NOTE | |||
r-oldrel-macos-x86_64 | 1.3.1 | 277.00 | NOTE | |||
r-oldrel-windows-ix86+x86_64 | 1.3.1 | 725.00 | 865.00 | 1590.00 | NOTE |
Version: 1.3.1
Check: installed package size
Result: NOTE
installed size is 14.3Mb
sub-directories of 1Mb or more:
R 1.4Mb
help 1.2Mb
libs 11.2Mb
Flavors: r-devel-linux-x86_64-fedora-clang, r-devel-windows-x86_64, r-release-macos-arm64, r-release-macos-x86_64, r-release-windows-x86_64, r-oldrel-macos-arm64, r-oldrel-macos-x86_64, r-oldrel-windows-ix86+x86_64