CRAN Package Check Results for Package igraph

Last updated on 2021-06-19 02:50:52 CEST.

Flavor Version Tinstall Tcheck Ttotal Status Flags
r-devel-linux-x86_64-debian-clang 1.2.6 252.48 221.56 474.04 OK
r-devel-linux-x86_64-debian-gcc 1.2.6 172.52 165.94 338.46 OK
r-devel-linux-x86_64-fedora-clang 1.2.6 630.39 NOTE
r-devel-linux-x86_64-fedora-gcc 1.2.6 565.00 OK
r-devel-windows-x86_64 1.2.6 369.00 235.00 604.00 NOTE
r-devel-windows-x86_64-gcc10-UCRT 1.2.6 OK
r-patched-linux-x86_64 1.2.6 204.95 214.26 419.21 OK
r-patched-solaris-x86 1.2.6 820.10 NOTE
r-release-linux-x86_64 1.2.6 207.69 214.83 422.52 OK
r-release-macos-arm64 1.2.6 NOTE
r-release-macos-x86_64 1.2.6 NOTE
r-release-windows-ix86+x86_64 1.2.6 728.00 396.00 1124.00 NOTE
r-oldrel-macos-x86_64 1.2.6 NOTE
r-oldrel-windows-ix86+x86_64 1.2.6 558.00 392.00 950.00 NOTE

Check Details

Version: 1.2.6
Check: installed package size
Result: NOTE
     installed size is 17.1Mb
     sub-directories of 1Mb or more:
     R 1.4Mb
     help 1.1Mb
     libs 14.1Mb
Flavors: r-devel-linux-x86_64-fedora-clang, r-devel-windows-x86_64, r-patched-solaris-x86, r-release-macos-arm64, r-release-macos-x86_64, r-release-windows-ix86+x86_64, r-oldrel-macos-x86_64, r-oldrel-windows-ix86+x86_64