CRAN Package Check Results for Package image.CornerDetectionF9

Last updated on 2024-06-12 17:57:20 CEST.

Flavor Version Tinstall Tcheck Ttotal Status Flags
r-devel-linux-x86_64-debian-clang 0.1.0 24.55 30.86 55.41 OK
r-devel-linux-x86_64-debian-gcc 0.1.0 14.26 23.14 37.40 ERROR
r-devel-linux-x86_64-fedora-clang 0.1.0 78.19 OK
r-devel-linux-x86_64-fedora-gcc 0.1.0 77.21 OK
r-devel-windows-x86_64 0.1.0 21.00 62.00 83.00 OK
r-patched-linux-x86_64 0.1.0 19.00 30.58 49.58 OK
r-release-linux-x86_64 0.1.0 22.14 29.88 52.02 OK
r-release-macos-arm64 0.1.0 23.00 OK
r-release-macos-x86_64 0.1.0 31.00 OK
r-release-windows-x86_64 0.1.0 20.00 68.00 88.00 OK
r-oldrel-macos-arm64 0.1.0 26.00 OK
r-oldrel-macos-x86_64 0.1.0 37.00 OK
r-oldrel-windows-x86_64 0.1.0 21.00 75.00 96.00 OK

Check Details

Version: 0.1.0
Check: package dependencies
Result: NOTE Package suggested but not available for checking: ‘magick’ Flavor: r-devel-linux-x86_64-debian-gcc

Version: 0.1.0
Check: examples
Result: ERROR Running examples in ‘image.CornerDetectionF9-Ex.R’ failed The error most likely occurred in: > base::assign(".ptime", proc.time(), pos = "CheckExEnv") > ### Name: image_detect_corners > ### Title: Find Corners in Digital Images with FAST-9. > ### Aliases: image_detect_corners > > ### ** Examples > > library(pixmap) > imagelocation <- system.file("extdata", "chairs.pgm", package="image.CornerDetectionF9") > image <- read.pnm(file = imagelocation, cellres = 1) Read 262144 items > x <- image@grey * 255 > corners <- image_detect_corners(x, 80) > plot(image) > points(corners$x, corners$y, col = "red", pch = 20, lwd = 0.5) > > ## > ## image_detect_corners expects a matrix as input > ## if you have a jpg/png/... convert it to pgm first or take the r/g/b channel > library(magick) Error in library(magick) : there is no package called ‘magick’ Execution halted Flavor: r-devel-linux-x86_64-debian-gcc