Last updated on 2021-03-08 13:46:48 CET.
Flavor | Version | Tinstall | Tcheck | Ttotal | Status | Flags |
---|---|---|---|---|---|---|
r-devel-linux-x86_64-debian-clang | 0.1.1 | 25.84 | 33.34 | 59.18 | OK | |
r-devel-linux-x86_64-debian-gcc | 0.1.1 | 17.61 | 26.03 | 43.64 | OK | |
r-devel-linux-x86_64-fedora-clang | 0.1.1 | 84.12 | OK | |||
r-devel-linux-x86_64-fedora-gcc | 0.1.1 | 68.35 | OK | |||
r-devel-windows-ix86+x86_64 | 0.1.1 | 59.00 | 86.00 | 145.00 | OK | |
r-devel-windows-x86_64-gcc10-UCRT | 0.1.1 | OK | ||||
r-patched-linux-x86_64 | 0.1.1 | 20.82 | 31.87 | 52.69 | OK | |
r-release-linux-x86_64 | 0.1.1 | 20.12 | 31.89 | 52.01 | OK | |
r-release-macos-x86_64 | 0.1.1 | OK | ||||
r-release-windows-ix86+x86_64 | 0.1.1 | 60.00 | 68.00 | 128.00 | OK | |
r-oldrel-macos-x86_64 | 0.1.1 | ERROR |
Version: 0.1.1
Check: whether package can be installed
Result: ERROR
Installation failed.
Flavor: r-oldrel-macos-x86_64