CRAN Package Check Results for Package imageviewer

Last updated on 2024-04-13 13:49:28 CEST.

Flavor Version Tinstall Tcheck Ttotal Status Flags
r-devel-linux-x86_64-debian-clang 0.1.0 3.64 28.87 32.51 NOTE
r-devel-linux-x86_64-debian-gcc 0.1.0 2.24 22.31 24.55 NOTE
r-devel-linux-x86_64-fedora-clang 0.1.0 39.98 NOTE
r-devel-linux-x86_64-fedora-gcc 0.1.0 38.04 NOTE
r-devel-windows-x86_64 0.1.0 6.00 41.00 47.00 NOTE
r-patched-linux-x86_64 0.1.0 2.79 27.42 30.21 NOTE
r-release-linux-x86_64 0.1.0 2.39 27.32 29.71 NOTE
r-release-macos-arm64 0.1.0 21.00 NOTE
r-release-macos-x86_64 0.1.0 24.00 NOTE
r-release-windows-x86_64 0.1.0 7.00 42.00 49.00 NOTE
r-oldrel-macos-arm64 0.1.0 16.00 NOTE
r-oldrel-windows-x86_64 0.1.0 7.00 47.00 54.00 NOTE

Check Details

Version: 0.1.0
Check: LazyData
Result: NOTE 'LazyData' is specified without a 'data' directory Flavors: r-devel-linux-x86_64-debian-clang, r-devel-linux-x86_64-debian-gcc, r-devel-linux-x86_64-fedora-clang, r-devel-linux-x86_64-fedora-gcc, r-devel-windows-x86_64, r-patched-linux-x86_64, r-release-linux-x86_64, r-release-macos-arm64, r-release-macos-x86_64, r-release-windows-x86_64, r-oldrel-macos-arm64, r-oldrel-windows-x86_64