CRAN Package Check Results for Package imgrec

Last updated on 2023-06-10 12:55:43 CEST.

Flavor Version Tinstall Tcheck Ttotal Status Flags
r-devel-linux-x86_64-debian-clang 0.1.3 4.64 46.54 51.18 OK
r-devel-linux-x86_64-debian-gcc 0.1.3 4.04 35.79 39.83 OK
r-devel-linux-x86_64-fedora-clang 0.1.3 69.10 NOTE
r-devel-linux-x86_64-fedora-gcc 0.1.3 76.69 NOTE
r-devel-windows-x86_64 0.1.3 7.00 57.00 64.00 OK
r-patched-linux-x86_64 0.1.3 4.49 44.25 48.74 OK
r-release-linux-x86_64 0.1.3 4.55 43.76 48.31 OK
r-release-macos-arm64 0.1.3 33.00 OK
r-release-macos-x86_64 0.1.3 48.00 OK
r-release-windows-x86_64 0.1.3 7.00 59.00 66.00 OK
r-oldrel-macos-arm64 0.1.3 26.00 NOTE
r-oldrel-macos-x86_64 0.1.3 43.00 NOTE
r-oldrel-windows-x86_64 0.1.3 8.00 66.00 74.00 OK

Check Details

Version: 0.1.3
Check: dependencies in R code
Result: NOTE
    Namespace in Imports field not imported from: ‘knitr’
     All declared Imports should be used.
Flavors: r-devel-linux-x86_64-fedora-clang, r-devel-linux-x86_64-fedora-gcc, r-oldrel-macos-arm64, r-oldrel-macos-x86_64