CRAN Package Check Results for Package imgrec

Last updated on 2022-12-09 19:51:47 CET.

Flavor Version Tinstall Tcheck Ttotal Status Flags
r-devel-linux-x86_64-debian-clang 0.1.3 4.61 48.35 52.96 OK
r-devel-linux-x86_64-debian-gcc 0.1.3 3.41 42.56 45.97 OK
r-devel-linux-x86_64-fedora-clang 0.1.3 82.80 NOTE
r-devel-linux-x86_64-fedora-gcc 0.1.3 92.88 NOTE
r-devel-windows-x86_64 0.1.3 11.00 88.00 99.00 OK
r-patched-linux-x86_64 0.1.3 4.41 51.75 56.16 OK
r-release-linux-x86_64 0.1.3 5.04 51.60 56.64 OK
r-release-macos-arm64 0.1.3 26.00 NOTE
r-release-macos-x86_64 0.1.3 43.00 NOTE
r-release-windows-x86_64 0.1.3 15.00 84.00 99.00 OK
r-oldrel-macos-arm64 0.1.3 28.00 NOTE
r-oldrel-macos-x86_64 0.1.3 34.00 NOTE
r-oldrel-windows-ix86+x86_64 0.1.3 14.00 78.00 92.00 OK

Check Details

Version: 0.1.3
Check: dependencies in R code
Result: NOTE
    Namespace in Imports field not imported from: ‘knitr’
     All declared Imports should be used.
Flavors: r-devel-linux-x86_64-fedora-clang, r-devel-linux-x86_64-fedora-gcc, r-release-macos-arm64, r-release-macos-x86_64, r-oldrel-macos-arm64, r-oldrel-macos-x86_64