CRAN Package Check Results for Package iml

Last updated on 2022-08-18 09:51:49 CEST.

Flavor Version Tinstall Tcheck Ttotal Status Flags
r-devel-linux-x86_64-debian-clang 0.11.0 20.41 429.06 449.47 NOTE
r-devel-linux-x86_64-debian-gcc 0.11.0 14.47 306.17 320.64 NOTE
r-devel-linux-x86_64-fedora-clang 0.11.0 522.46 NOTE
r-devel-linux-x86_64-fedora-gcc 0.11.0 502.28 NOTE
r-devel-windows-x86_64 0.11.0 34.00 353.00 387.00 NOTE
r-patched-linux-x86_64 0.11.0 19.52 281.92 301.44 OK
r-release-linux-x86_64 0.11.0 14.80 370.94 385.74 OK
r-release-macos-arm64 0.11.0 182.00 OK
r-release-macos-x86_64 0.11.0 188.00 OK
r-release-windows-x86_64 0.11.0 35.00 350.00 385.00 OK
r-oldrel-macos-arm64 0.11.0 175.00 OK
r-oldrel-macos-x86_64 0.11.0 182.00 OK
r-oldrel-windows-ix86+x86_64 0.11.0 33.00 334.00 367.00 OK

Check Details

Version: 0.11.0
Check: HTML version of manual
Result: NOTE
    Found the following HTML validation problems:
    FeatureEffect.html:143:6: Warning: missing </span> before <p>
    FeatureEffect.html:143:96: Warning: inserting implicit <span>
    FeatureEffect.html:146:6: Warning: missing </span> before <p>
    FeatureEffect.html:146:97: Warning: inserting implicit <span>
    FeatureEffect.html:143:6: Warning: trimming empty <span>
    FeatureEffect.html:146:6: Warning: trimming empty <span>
    FeatureEffects.html:45:80: Warning: inserting implicit <p>
    FeatureEffects.html:121:6: Warning: missing </span> before <p>
    FeatureEffects.html:121:96: Warning: inserting implicit <span>
    FeatureEffects.html:124:6: Warning: missing </span> before <p>
    FeatureEffects.html:124:97: Warning: inserting implicit <span>
    FeatureEffects.html:45:80: Warning: trimming empty <p>
    FeatureEffects.html:121:6: Warning: trimming empty <span>
    FeatureEffects.html:124:6: Warning: trimming empty <span>
    FeatureImp.html:63:80: Warning: inserting implicit <p>
    FeatureImp.html:127:6: Warning: missing </span> before <p>
    FeatureImp.html:127:96: Warning: inserting implicit <span>
    FeatureImp.html:130:6: Warning: missing </span> before <p>
    FeatureImp.html:130:97: Warning: inserting implicit <span>
    FeatureImp.html:63:80: Warning: trimming empty <p>
    FeatureImp.html:127:6: Warning: trimming empty <span>
    FeatureImp.html:130:6: Warning: trimming empty <span>
    Interaction.html:61:80: Warning: inserting implicit <p>
    Interaction.html:110:6: Warning: missing </span> before <p>
    Interaction.html:110:96: Warning: inserting implicit <span>
    Interaction.html:113:6: Warning: missing </span> before <p>
    Interaction.html:113:97: Warning: inserting implicit <span>
    Interaction.html:61:80: Warning: trimming empty <p>
    Interaction.html:110:6: Warning: trimming empty <span>
    Interaction.html:113:6: Warning: trimming empty <span>
    LocalModel.html:133:6: Warning: missing </span> before <p>
    LocalModel.html:133:96: Warning: inserting implicit <span>
    LocalModel.html:136:6: Warning: missing </span> before <p>
    LocalModel.html:136:97: Warning: inserting implicit <span>
    LocalModel.html:133:6: Warning: trimming empty <span>
    LocalModel.html:136:6: Warning: trimming empty <span>
    Partial.html:61:6: Warning: missing </span> before <p>
    Partial.html:61:96: Warning: inserting implicit <span>
    Partial.html:64:6: Warning: missing </span> before <p>
    Partial.html:64:97: Warning: inserting implicit <span>
    Partial.html:67:6: Warning: missing </span> before <p>
    Partial.html:67:91: Warning: inserting implicit <span>
    Partial.html:70:6: Warning: missing </span> before <p>
    Partial.html:70:92: Warning: inserting implicit <span>
    Partial.html:73:6: Warning: missing </span> before <p>
    Partial.html:73:96: Warning: inserting implicit <span>
    Partial.html:61:6: Warning: trimming empty <span>
    Partial.html:64:6: Warning: trimming empty <span>
    Partial.html:67:6: Warning: trimming empty <span>
    Partial.html:70:6: Warning: trimming empty <span>
    Partial.html:73:6: Warning: trimming empty <span>
    Shapley.html:91:6: Warning: missing </span> before <p>
    Shapley.html:91:96: Warning: inserting implicit <span>
    Shapley.html:94:6: Warning: missing </span> before <p>
    Shapley.html:94:97: Warning: inserting implicit <span>
    Shapley.html:91:6: Warning: trimming empty <span>
    Shapley.html:94:6: Warning: trimming empty <span>
    TreeSurrogate.html:91:6: Warning: missing </span> before <p>
    TreeSurrogate.html:91:96: Warning: inserting implicit <span>
    TreeSurrogate.html:94:6: Warning: missing </span> before <p>
    TreeSurrogate.html:94:97: Warning: inserting implicit <span>
    TreeSurrogate.html:91:6: Warning: trimming empty <span>
    TreeSurrogate.html:94:6: Warning: trimming empty <span>
Flavors: r-devel-linux-x86_64-debian-clang, r-devel-linux-x86_64-debian-gcc, r-devel-linux-x86_64-fedora-clang, r-devel-linux-x86_64-fedora-gcc

Version: 0.11.0
Check: HTML version of manual
Result: NOTE
    Found the following HTML validation problems:
    FeatureEffect.html:143:6: Warning: missing </span> before <p>
    
    
    FeatureEffect.html:143:96: Warning: inserting implicit <span>
    
    
    FeatureEffect.html:146:6: Warning: missing </span> before <p>
    
    
    FeatureEffect.html:146:97: Warning: inserting implicit <span>
    
    
    FeatureEffect.html:143:6: Warning: trimming empty <span>
    
    
    FeatureEffect.html:146:6: Warning: trimming empty <span>
    
    
    FeatureEffects.html:45:80: Warning: inserting implicit <p>
    
    
    FeatureEffects.html:121:6: Warning: missing </span> before <p>
    
    
    FeatureEffects.html:121:96: Warning: inserting implicit <span>
    
    
    FeatureEffects.html:124:6: Warning: missing </span> before <p>
    
    
    FeatureEffects.html:124:97: Warning: inserting implicit <span>
    
    
    FeatureEffects.html:45:80: Warning: trimming empty <p>
    
    
    FeatureEffects.html:121:6: Warning: trimming empty <span>
    
    
    FeatureEffects.html:124:6: Warning: trimming empty <span>
    
    
    FeatureImp.html:63:80: Warning: inserting implicit <p>
    
    
    FeatureImp.html:127:6: Warning: missing </span> before <p>
    
    
    FeatureImp.html:127:96: Warning: inserting implicit <span>
    
    
    FeatureImp.html:130:6: Warning: missing </span> before <p>
    
    
    FeatureImp.html:130:97: Warning: inserting implicit <span>
    
    
    FeatureImp.html:63:80: Warning: trimming empty <p>
    
    
    FeatureImp.html:127:6: Warning: trimming empty <span>
    
    
    FeatureImp.html:130:6: Warning: trimming empty <span>
    
    
    Interaction.html:61:80: Warning: inserting implicit <p>
    
    
    Interaction.html:110:6: Warning: missing </span> before <p>
    
    
    Interaction.html:110:96: Warning: inserting implicit <span>
    
    
    Interaction.html:113:6: Warning: missing </span> before <p>
    
    
    Interaction.html:113:97: Warning: inserting implicit <span>
    
    
    Interaction.html:61:80: Warning: trimming empty <p>
    
    
    Interaction.html:110:6: Warning: trimming empty <span>
    
    
    Interaction.html:113:6: Warning: trimming empty <span>
    
    
    LocalModel.html:133:6: Warning: missing </span> before <p>
    
    
    LocalModel.html:133:96: Warning: inserting implicit <span>
    
    
    LocalModel.html:136:6: Warning: missing </span> before <p>
    
    
    LocalModel.html:136:97: Warning: inserting implicit <span>
    
    
    LocalModel.html:133:6: Warning: trimming empty <span>
    
    
    LocalModel.html:136:6: Warning: trimming empty <span>
    
    
    Partial.html:61:6: Warning: missing </span> before <p>
    
    
    Partial.html:61:96: Warning: inserting implicit <span>
    
    
    Partial.html:64:6: Warning: missing </span> before <p>
    
    
    Partial.html:64:97: Warning: inserting implicit <span>
    
    
    Partial.html:67:6: Warning: missing </span> before <p>
    
    
    Partial.html:67:91: Warning: inserting implicit <span>
    
    
    Partial.html:70:6: Warning: missing </span> before <p>
    
    
    Partial.html:70:92: Warning: inserting implicit <span>
    
    
    Partial.html:73:6: Warning: missing </span> before <p>
    
    
    Partial.html:73:96: Warning: inserting implicit <span>
    
    
    Partial.html:61:6: Warning: trimming empty <span>
    
    
    Partial.html:64:6: Warning: trimming empty <span>
    
    
    Partial.html:67:6: Warning: trimming empty <span>
    
    
    Partial.html:70:6: Warning: trimming empty <span>
    
    
    Partial.html:73:6: Warning: trimming empty <span>
    
    
    Shapley.html:91:6: Warning: missing </span> before <p>
    
    
    Shapley.html:91:96: Warning: inserting implicit <span>
    
    
    Shapley.html:94:6: Warning: missing </span> before <p>
    
    
    Shapley.html:94:97: Warning: inserting implicit <span>
    
    
    Shapley.html:91:6: Warning: trimming empty <span>
    
    
    Shapley.html:94:6: Warning: trimming empty <span>
    
    
    TreeSurrogate.html:91:6: Warning: missing </span> before <p>
    
    
    TreeSurrogate.html:91:96: Warning: inserting implicit <span>
    
    
    TreeSurrogate.html:94:6: Warning: missing </span> before <p>
    
    
    TreeSurrogate.html:94:97: Warning: inserting implicit <span>
    
    
    TreeSurrogate.html:91:6: Warning: trimming empty <span>
    
    
    TreeSurrogate.html:94:6: Warning: trimming empty <span>
Flavor: r-devel-windows-x86_64