CRAN Package Check Results for Package immcp

Last updated on 2020-10-21 06:48:20 CEST.

Flavor Version Tinstall Tcheck Ttotal Status Flags
r-devel-linux-x86_64-debian-clang 0.9.1 38.67 370.70 409.37 OK
r-devel-linux-x86_64-debian-gcc 0.9.1 33.19 283.86 317.05 OK
r-devel-linux-x86_64-fedora-clang 0.9.1 549.56 NOTE
r-devel-linux-x86_64-fedora-gcc 0.9.1 457.66 NOTE
r-devel-windows-ix86+x86_64 0.9.1 69.00 304.00 373.00 OK
r-patched-linux-x86_64 0.9.1 39.61 339.88 379.49 OK
r-patched-solaris-x86 0.9.1 695.20 NOTE
r-release-linux-x86_64 0.9.1 34.89 346.20 381.09 OK
r-release-macos-x86_64 0.9.1 ERROR
r-release-windows-ix86+x86_64 0.9.1 94.00 328.00 422.00 OK
r-oldrel-macos-x86_64 0.9.1 ERROR
r-oldrel-windows-ix86+x86_64 0.9.1 46.00 263.00 309.00 OK

Check Details

Version: 0.9.1
Check: dependencies in R code
Result: NOTE
    Namespaces in Imports field not imported from:
     ‘methods’ ‘reshape2’
     All declared Imports should be used.
Flavors: r-devel-linux-x86_64-fedora-clang, r-devel-linux-x86_64-fedora-gcc, r-patched-solaris-x86

Version: 0.9.1
Check: package dependencies
Result: ERROR
    Package required but not available: ‘clusterProfiler’
    
    See section ‘The DESCRIPTION file’ in the ‘Writing R Extensions’
    manual.
Flavors: r-release-macos-x86_64, r-oldrel-macos-x86_64