CRAN Package Check Results for Package impimp

Last updated on 2021-10-28 17:51:07 CEST.

Flavor Version Tinstall Tcheck Ttotal Status Flags
r-devel-linux-x86_64-debian-clang 0.3.1 2.84 22.21 25.05 NOTE
r-devel-linux-x86_64-debian-gcc 0.3.1 1.93 17.65 19.58 NOTE
r-devel-linux-x86_64-fedora-clang 0.3.1 41.35 NOTE
r-devel-linux-x86_64-fedora-gcc 0.3.1 30.59 NOTE
r-devel-windows-x86_64 0.3.1 6.00 38.00 44.00 NOTE
r-devel-windows-x86_64-gcc10-UCRT 0.3.1 NOTE
r-patched-linux-x86_64 0.3.1 2.84 22.34 25.18 NOTE
r-patched-solaris-x86 0.3.1 46.80 NOTE
r-release-linux-x86_64 0.3.1 2.42 21.85 24.27 NOTE
r-release-macos-arm64 0.3.1 NOTE
r-release-macos-x86_64 0.3.1 NOTE
r-release-windows-ix86+x86_64 0.3.1 5.00 28.00 33.00 NOTE
r-oldrel-macos-x86_64 0.3.1 OK
r-oldrel-windows-ix86+x86_64 0.3.1 5.00 28.00 33.00 OK

Check Details

Version: 0.3.1
Check: LazyData
Result: NOTE
     'LazyData' is specified without a 'data' directory
Flavors: r-devel-linux-x86_64-debian-clang, r-devel-linux-x86_64-debian-gcc, r-devel-linux-x86_64-fedora-clang, r-devel-linux-x86_64-fedora-gcc, r-devel-windows-x86_64, r-devel-windows-x86_64-gcc10-UCRT, r-patched-linux-x86_64, r-patched-solaris-x86, r-release-linux-x86_64, r-release-macos-arm64, r-release-macos-x86_64, r-release-windows-ix86+x86_64