Last updated on 2023-02-07 23:07:50 CET.
Flavor | Version | Tinstall | Tcheck | Ttotal | Status | Flags |
---|---|---|---|---|---|---|
r-devel-linux-x86_64-debian-clang | 0.1.1 | 1.72 | 22.31 | 24.03 | NOTE | |
r-devel-linux-x86_64-debian-gcc | 0.1.1 | 1.38 | 17.84 | 19.22 | NOTE | |
r-devel-linux-x86_64-fedora-clang | 0.1.1 | 30.48 | NOTE | |||
r-devel-linux-x86_64-fedora-gcc | 0.1.1 | 29.50 | NOTE | |||
r-devel-windows-x86_64 | 0.1.1 | 9.00 | 53.00 | 62.00 | NOTE | |
r-patched-linux-x86_64 | 0.1.1 | 1.75 | 23.07 | 24.82 | NOTE | |
r-release-linux-x86_64 | 0.1.1 | 1.41 | 17.48 | 18.89 | NOTE | |
r-release-macos-arm64 | 0.1.1 | 14.00 | NOTE | |||
r-release-macos-x86_64 | 0.1.1 | 20.00 | NOTE | |||
r-release-windows-x86_64 | 0.1.1 | 8.00 | 59.00 | 67.00 | NOTE | |
r-oldrel-macos-arm64 | 0.1.1 | 17.00 | NOTE | |||
r-oldrel-macos-x86_64 | 0.1.1 | 27.00 | NOTE | |||
r-oldrel-windows-ix86+x86_64 | 0.1.1 | 5.00 | 44.00 | 49.00 | NOTE |
Version: 0.1.1
Check: LazyData
Result: NOTE
'LazyData' is specified without a 'data' directory
Flavors: r-devel-linux-x86_64-debian-clang, r-devel-linux-x86_64-debian-gcc, r-devel-linux-x86_64-fedora-clang, r-devel-linux-x86_64-fedora-gcc, r-devel-windows-x86_64, r-patched-linux-x86_64, r-release-linux-x86_64, r-release-macos-arm64, r-release-macos-x86_64, r-release-windows-x86_64, r-oldrel-macos-arm64, r-oldrel-macos-x86_64, r-oldrel-windows-ix86+x86_64