Last updated on 2023-03-25 16:49:45 CET.
Flavor | Version | Tinstall | Tcheck | Ttotal | Status | Flags |
---|---|---|---|---|---|---|
r-devel-linux-x86_64-debian-clang | 1.2.0 | 3.83 | 29.90 | 33.73 | OK | |
r-devel-linux-x86_64-debian-gcc | 1.2.0 | 2.95 | 24.52 | 27.47 | OK | |
r-devel-linux-x86_64-fedora-clang | 1.2.0 | 46.00 | NOTE | |||
r-devel-linux-x86_64-fedora-gcc | 1.2.0 | 53.17 | NOTE | |||
r-patched-linux-x86_64 | 1.2.0 | 3.48 | 32.35 | 35.83 | OK | |
r-release-linux-x86_64 | 1.2.0 | 3.46 | 29.63 | 33.09 | OK | |
r-release-macos-arm64 | 1.2.0 | 19.00 | OK | |||
r-release-macos-x86_64 | 1.2.0 | 25.00 | OK | |||
r-release-windows-x86_64 | 1.2.0 | 26.00 | 63.00 | 89.00 | OK | |
r-oldrel-macos-arm64 | 1.2.0 | 23.00 | OK | |||
r-oldrel-macos-x86_64 | 1.2.0 | 31.00 | OK | |||
r-oldrel-windows-ix86+x86_64 | 1.2.0 | 8.00 | 57.00 | 65.00 | NOTE |
Version: 1.2.0
Check: dependencies in R code
Result: NOTE
Namespaces in Imports field not imported from:
‘data.table’ ‘dplyr’ ‘haven’
All declared Imports should be used.
Flavors: r-devel-linux-x86_64-fedora-clang, r-devel-linux-x86_64-fedora-gcc
Version: 1.2.0
Check: dependencies in R code
Result: NOTE
Initiating curl with CURL_SSL_BACKEND: openssl
Flavor: r-oldrel-windows-ix86+x86_64