CRAN Package Check Results for Package imprecise101

Last updated on 2023-05-30 21:58:44 CEST.

Flavor Version Tinstall Tcheck Ttotal Status Flags
r-devel-linux-x86_64-debian-clang 0.2.2.4 2.33 25.86 28.19 OK
r-devel-linux-x86_64-debian-gcc 0.2.2.4 1.85 20.40 22.25 OK
r-devel-linux-x86_64-fedora-clang 0.2.2.4 36.05 NOTE
r-devel-linux-x86_64-fedora-gcc 0.2.2.4 45.48 NOTE
r-devel-windows-x86_64 0.2.2.4 4.00 44.00 48.00 OK
r-patched-linux-x86_64 0.2.2.4 1.59 25.46 27.05 OK
r-release-linux-x86_64 0.2.2.4 1.44 25.34 26.78 OK
r-release-macos-arm64 0.2.2.4 23.00 OK
r-release-macos-x86_64 0.2.2.4 33.00 OK
r-release-windows-x86_64 0.2.2.4 4.00 44.00 48.00 OK
r-oldrel-macos-arm64 0.2.2.4 18.00 OK
r-oldrel-macos-x86_64 0.2.2.4 23.00 OK
r-oldrel-windows-x86_64 0.2.2.4 4.00 48.00 52.00 OK

Check Details

Version: 0.2.2.4
Check: dependencies in R code
Result: NOTE
    Namespace in Imports field not imported from: ‘pscl’
     All declared Imports should be used.
Flavors: r-devel-linux-x86_64-fedora-clang, r-devel-linux-x86_64-fedora-gcc