Last updated on 2025-01-20 15:48:25 CET.
Flavor | Version | Tinstall | Tcheck | Ttotal | Status | Flags |
---|---|---|---|---|---|---|
r-devel-linux-x86_64-debian-clang | 1.0 | 5.90 | 19.45 | 25.35 | OK | |
r-devel-linux-x86_64-debian-gcc | 1.0 | 5.65 | 15.94 | 21.59 | OK | |
r-devel-linux-x86_64-fedora-clang | 1.0 | 40.89 | OK | |||
r-devel-linux-x86_64-fedora-gcc | 1.0 | 41.24 | OK | |||
r-devel-windows-x86_64 | 1.0 | 6.00 | 41.00 | 47.00 | OK | |
r-patched-linux-x86_64 | 1.0 | 5.54 | 18.78 | 24.32 | NOTE | |
r-release-linux-x86_64 | 1.0 | 5.54 | 18.71 | 24.25 | NOTE | |
r-release-macos-arm64 | 1.0 | 19.00 | NOTE | |||
r-release-macos-x86_64 | 1.0 | 29.00 | NOTE | |||
r-release-windows-x86_64 | 1.0 | 7.00 | 41.00 | 48.00 | NOTE | |
r-oldrel-macos-arm64 | 1.0 | 20.00 | NOTE | |||
r-oldrel-macos-x86_64 | 1.0 | 29.00 | NOTE | |||
r-oldrel-windows-x86_64 | 1.0 | 9.00 | 43.00 | 52.00 | NOTE |
Version: 1.0
Check: LazyData
Result: NOTE
'LazyData' is specified without a 'data' directory
Flavors: r-patched-linux-x86_64, r-release-linux-x86_64, r-release-macos-arm64, r-release-macos-x86_64, r-release-windows-x86_64, r-oldrel-macos-arm64, r-oldrel-macos-x86_64, r-oldrel-windows-x86_64