Last updated on 2021-01-20 01:48:51 CET.
Flavor | Version | Tinstall | Tcheck | Ttotal | Status | Flags |
---|---|---|---|---|---|---|
r-devel-linux-x86_64-debian-clang | 2.0 | 11.53 | 89.89 | 101.42 | NOTE | |
r-devel-linux-x86_64-debian-gcc | 2.0 | 8.79 | 70.12 | 78.91 | NOTE | |
r-devel-linux-x86_64-fedora-clang | 2.0 | 129.34 | NOTE | |||
r-devel-linux-x86_64-fedora-gcc | 2.0 | 121.18 | NOTE | |||
r-devel-windows-ix86+x86_64 | 2.0 | 20.00 | 97.00 | 117.00 | NOTE | |
r-patched-linux-x86_64 | 2.0 | 10.11 | 83.72 | 93.83 | NOTE | |
r-patched-solaris-x86 | 2.0 | 176.40 | NOTE | |||
r-release-linux-x86_64 | 2.0 | 9.44 | 84.82 | 94.26 | NOTE | |
r-release-macos-x86_64 | 2.0 | NOTE | ||||
r-release-windows-ix86+x86_64 | 2.0 | 19.00 | 102.00 | 121.00 | NOTE | |
r-oldrel-macos-x86_64 | 2.0 | NOTE | ||||
r-oldrel-windows-ix86+x86_64 | 2.0 | 15.00 | 83.00 | 98.00 | NOTE |
Version: 2.0
Check: R code for possible problems
Result: NOTE
generate.ExpressionData: no visible global function definition for
'rnorm'
impute.MinDet: no visible binding for global variable 'quantile'
impute.MinProb: no visible binding for global variable 'quantile'
impute.MinProb: no visible binding for global variable 'sd'
impute.MinProb: no visible global function definition for 'median'
impute.MinProb: no visible global function definition for 'rnorm'
impute.QRILC: no visible global function definition for 'qnorm'
impute.QRILC: no visible global function definition for 'quantile'
impute.QRILC: no visible global function definition for 'lm'
insertMVs: no visible global function definition for 'rnorm'
model.Selector: no visible global function definition for 'qnorm'
model.Selector: no visible global function definition for 'quantile'
model.Selector: no visible global function definition for 'lm'
model.Selector: no visible global function definition for 'ecdf'
model.Selector: no visible global function definition for 'pnorm'
pep2prot: no visible binding for global variable 'median'
Undefined global functions or variables:
ecdf lm median pnorm qnorm quantile rnorm sd
Consider adding
importFrom("stats", "ecdf", "lm", "median", "pnorm", "qnorm",
"quantile", "rnorm", "sd")
to your NAMESPACE file.
Flavors: r-devel-linux-x86_64-debian-clang, r-devel-linux-x86_64-debian-gcc, r-devel-linux-x86_64-fedora-clang, r-devel-linux-x86_64-fedora-gcc, r-devel-windows-ix86+x86_64, r-patched-linux-x86_64, r-patched-solaris-x86, r-release-linux-x86_64, r-release-macos-x86_64, r-release-windows-ix86+x86_64, r-oldrel-macos-x86_64, r-oldrel-windows-ix86+x86_64