CRAN Package Check Results for Package imputeMissings

Last updated on 2019-03-23 18:47:18 CET.

Flavor Version Tinstall Tcheck Ttotal Status Flags
r-devel-linux-x86_64-debian-clang 0.0.3 1.37 17.26 18.63 OK
r-devel-linux-x86_64-debian-gcc 0.0.3 1.23 14.04 15.27 OK
r-devel-linux-x86_64-fedora-clang 0.0.3 22.69 OK
r-devel-linux-x86_64-fedora-gcc 0.0.3 21.44 OK
r-devel-windows-ix86+x86_64 0.0.3 6.00 28.00 34.00 OK
r-patched-linux-x86_64 0.0.3 0.90 16.14 17.04 OK
r-patched-solaris-x86 0.0.3 35.00 OK
r-release-linux-x86_64 0.0.3 0.30 1.77 2.07 ERROR
r-release-windows-ix86+x86_64 0.0.3 2.00 29.00 31.00 OK
r-release-osx-x86_64 0.0.3 OK
r-oldrel-windows-ix86+x86_64 0.0.3 5.00 36.00 41.00 OK
r-oldrel-osx-x86_64 0.0.3 OK

Check Details

Version: 0.0.3
Check: whether package can be installed
Result: ERROR
    Installation failed.
Flavor: r-release-linux-x86_64