CRAN Package Check Results for Package imputeTestbench

Last updated on 2022-01-24 20:49:36 CET.

Flavor Version Tinstall Tcheck Ttotal Status Flags
r-devel-linux-x86_64-debian-clang 3.0.3 8.80 87.87 96.67 NOTE
r-devel-linux-x86_64-debian-gcc 3.0.3 6.45 65.35 71.80 NOTE
r-devel-linux-x86_64-fedora-clang 3.0.3 113.18 NOTE
r-devel-linux-x86_64-fedora-gcc 3.0.3 103.93 NOTE
r-devel-windows-x86_64-new-UL 3.0.3 40.00 104.00 144.00 NOTE
r-devel-windows-x86_64-new-TK 3.0.3 NOTE
r-patched-linux-x86_64 3.0.3 4.80 81.26 86.06 NOTE
r-release-linux-x86_64 3.0.3 5.96 81.28 87.24 NOTE
r-release-macos-arm64 3.0.3 NOTE
r-release-macos-x86_64 3.0.3 NOTE
r-release-windows-ix86+x86_64 3.0.3 19.00 99.00 118.00 NOTE
r-oldrel-macos-x86_64 3.0.3 OK
r-oldrel-windows-ix86+x86_64 3.0.3 22.00 104.00 126.00 OK

Check Details

Version: 3.0.3
Check: LazyData
Result: NOTE
     'LazyData' is specified without a 'data' directory
Flavors: r-devel-linux-x86_64-debian-clang, r-devel-linux-x86_64-debian-gcc, r-devel-linux-x86_64-fedora-clang, r-devel-linux-x86_64-fedora-gcc, r-devel-windows-x86_64-new-UL, r-devel-windows-x86_64-new-TK, r-patched-linux-x86_64, r-release-linux-x86_64, r-release-macos-arm64, r-release-macos-x86_64, r-release-windows-ix86+x86_64