CRAN Package Check Results for Package imputeTestbench

Last updated on 2022-08-13 02:51:33 CEST.

Flavor Version Tinstall Tcheck Ttotal Status Flags
r-devel-linux-x86_64-debian-clang 3.0.3 8.82 54.36 63.18 NOTE
r-devel-linux-x86_64-debian-gcc 3.0.3 6.78 64.88 71.66 NOTE
r-devel-linux-x86_64-fedora-clang 3.0.3 130.48 NOTE
r-devel-linux-x86_64-fedora-gcc 3.0.3 120.56 NOTE
r-devel-windows-x86_64 3.0.3 18.00 110.00 128.00 NOTE
r-patched-linux-x86_64 3.0.3 6.99 82.57 89.56 NOTE
r-release-linux-x86_64 3.0.3 8.17 67.36 75.53 NOTE
r-release-macos-arm64 3.0.3 35.00 NOTE
r-release-macos-x86_64 3.0.3 60.00 NOTE
r-release-windows-x86_64 3.0.3 37.00 112.00 149.00 NOTE
r-oldrel-macos-arm64 3.0.3 41.00 NOTE
r-oldrel-macos-x86_64 3.0.3 52.00 NOTE
r-oldrel-windows-ix86+x86_64 3.0.3 23.00 109.00 132.00 NOTE

Check Details

Version: 3.0.3
Check: LazyData
Result: NOTE
     'LazyData' is specified without a 'data' directory
Flavors: r-devel-linux-x86_64-debian-clang, r-devel-linux-x86_64-debian-gcc, r-devel-linux-x86_64-fedora-clang, r-devel-linux-x86_64-fedora-gcc, r-devel-windows-x86_64, r-patched-linux-x86_64, r-release-linux-x86_64, r-release-macos-arm64, r-release-macos-x86_64, r-release-windows-x86_64, r-oldrel-macos-arm64, r-oldrel-macos-x86_64, r-oldrel-windows-ix86+x86_64