CRAN Package Check Results for Package imputeYn

Last updated on 2021-09-20 06:48:53 CEST.

Flavor Version Tinstall Tcheck Ttotal Status Flags
r-devel-linux-x86_64-debian-clang 1.3 10.80 75.83 86.63 OK
r-devel-linux-x86_64-debian-gcc 1.3 7.66 59.15 66.81 OK
r-devel-linux-x86_64-fedora-clang 1.3 111.04 OK
r-devel-linux-x86_64-fedora-gcc 1.3 101.19 OK
r-devel-windows-x86_64 1.3 10.00 69.00 79.00 OK
r-devel-windows-x86_64-gcc10-UCRT 1.3 ERROR
r-patched-linux-x86_64 1.3 7.65 74.14 81.79 OK
r-patched-solaris-x86 1.3 153.00 OK
r-release-linux-x86_64 1.3 8.96 74.12 83.08 OK
r-release-macos-arm64 1.3 OK
r-release-macos-x86_64 1.3 OK
r-release-windows-ix86+x86_64 1.3 21.00 74.00 95.00 OK
r-oldrel-macos-x86_64 1.3 OK
r-oldrel-windows-ix86+x86_64 1.3 20.00 78.00 98.00 OK

Check Details

Version: 1.3
Check: whether package can be installed
Result: WARN
    Found the following significant warnings:
     WARNING: installation-time patches will not be applied, could not get the patches index
Flavor: r-devel-windows-x86_64-gcc10-UCRT

Version: 1.3
Check: PDF version of manual
Result: WARN
    LaTeX errors when creating PDF version.
    This typically indicates Rd problems.
Flavor: r-devel-windows-x86_64-gcc10-UCRT

Version: 1.3
Check: PDF version of manual without hyperrefs or index
Result: ERROR
    Re-running with no redirection of stdout/stderr.
Flavor: r-devel-windows-x86_64-gcc10-UCRT