CRAN Package Check Results for Package imsig

Last updated on 2021-09-19 15:49:19 CEST.

Flavor Version Tinstall Tcheck Ttotal Status Flags
r-devel-linux-x86_64-debian-clang 1.1.3 8.88 95.65 104.53 OK
r-devel-linux-x86_64-debian-gcc 1.1.3 7.43 71.39 78.82 OK
r-devel-linux-x86_64-fedora-clang 1.1.3 130.04 OK
r-devel-linux-x86_64-fedora-gcc 1.1.3 118.11 OK
r-devel-windows-x86_64 1.1.3 11.00 119.00 130.00 OK
r-devel-windows-x86_64-gcc10-UCRT 1.1.3 ERROR
r-patched-linux-x86_64 1.1.3 8.74 87.73 96.47 OK
r-patched-solaris-x86 1.1.3 184.80 OK
r-release-linux-x86_64 1.1.3 8.24 88.56 96.80 OK
r-release-macos-arm64 1.1.3 OK
r-release-macos-x86_64 1.1.3 OK
r-release-windows-ix86+x86_64 1.1.3 22.00 82.00 104.00 OK
r-oldrel-macos-x86_64 1.1.3 OK
r-oldrel-windows-ix86+x86_64 1.1.3 23.00 90.00 113.00 OK

Check Details

Version: 1.1.3
Check: whether package can be installed
Result: WARN
    Found the following significant warnings:
     WARNING: installation-time patches will not be applied, could not get the patches index
Flavor: r-devel-windows-x86_64-gcc10-UCRT

Version: 1.1.3
Check: PDF version of manual
Result: WARN
    LaTeX errors when creating PDF version.
    This typically indicates Rd problems.
Flavor: r-devel-windows-x86_64-gcc10-UCRT

Version: 1.1.3
Check: PDF version of manual without hyperrefs or index
Result: ERROR
    Re-running with no redirection of stdout/stderr.
Flavor: r-devel-windows-x86_64-gcc10-UCRT