CRAN Package Check Results for Package incR

Last updated on 2021-09-16 19:51:33 CEST.

Flavor Version Tinstall Tcheck Ttotal Status Flags
r-devel-linux-x86_64-debian-clang 1.1.0 3.05 42.92 45.97 OK
r-devel-linux-x86_64-debian-gcc 1.1.0 2.40 32.79 35.19 OK
r-devel-linux-x86_64-fedora-clang 1.1.0 63.01 NOTE
r-devel-linux-x86_64-fedora-gcc 1.1.0 52.23 NOTE
r-devel-windows-x86_64 1.1.0 5.00 72.00 77.00 OK
r-devel-windows-x86_64-gcc10-UCRT 1.1.0 NOTE
r-patched-linux-x86_64 1.1.0 6.62 39.56 46.18 OK
r-patched-solaris-x86 1.1.0 77.00 NOTE
r-release-linux-x86_64 1.1.0 2.93 39.01 41.94 OK
r-release-macos-arm64 1.1.0 NOTE
r-release-macos-x86_64 1.1.0 NOTE
r-release-windows-ix86+x86_64 1.1.0 7.00 50.00 57.00 OK
r-oldrel-macos-x86_64 1.1.0 NOTE
r-oldrel-windows-ix86+x86_64 1.1.0 7.00 59.00 66.00 OK

Check Details

Version: 1.1.0
Check: dependencies in R code
Result: NOTE
    Namespaces in Imports field not imported from:
     ‘dplyr’ ‘rgeos’
     All declared Imports should be used.
Flavors: r-devel-linux-x86_64-fedora-clang, r-devel-linux-x86_64-fedora-gcc, r-devel-windows-x86_64-gcc10-UCRT, r-patched-solaris-x86, r-release-macos-arm64, r-release-macos-x86_64, r-oldrel-macos-x86_64