CRAN Package Check Results for Package incgraph

Last updated on 2020-07-05 05:49:23 CEST.

Flavor Version Tinstall Tcheck Ttotal Status Flags
r-devel-linux-x86_64-debian-clang 1.0.1 22.86 50.42 73.28 OK
r-devel-linux-x86_64-debian-gcc 1.0.1 19.27 38.34 57.61 OK
r-devel-linux-x86_64-fedora-clang 1.0.1 104.04 NOTE
r-devel-linux-x86_64-fedora-gcc 1.0.1 89.55 NOTE
r-devel-windows-ix86+x86_64 1.0.1 70.00 115.00 185.00 OK
r-patched-linux-x86_64 1.0.1 21.89 49.03 70.92 OK
r-patched-solaris-x86 1.0.1 112.90 NOTE
r-release-linux-x86_64 1.0.1 20.38 48.65 69.03 OK
r-release-osx-x86_64 1.0.1 NOTE
r-release-windows-ix86+x86_64 1.0.1 52.00 96.00 148.00 OK
r-oldrel-osx-x86_64 1.0.1 NOTE
r-oldrel-windows-ix86+x86_64 1.0.1 67.00 116.00 183.00 OK

Check Details

Version: 1.0.1
Check: dependencies in R code
Result: NOTE
    Namespace in Imports field not imported from: ‘testthat’
     All declared Imports should be used.
Flavors: r-devel-linux-x86_64-fedora-clang, r-devel-linux-x86_64-fedora-gcc, r-patched-solaris-x86, r-release-osx-x86_64, r-oldrel-osx-x86_64