CRAN Package Check Results for Package incgraph

Last updated on 2019-11-20 16:46:37 CET.

Flavor Version Tinstall Tcheck Ttotal Status Flags
r-devel-linux-x86_64-debian-clang 1.0.1 22.15 44.53 66.68 OK
r-devel-linux-x86_64-debian-gcc 1.0.1 16.13 36.28 52.41 OK
r-devel-linux-x86_64-fedora-clang 1.0.1 86.15 NOTE
r-devel-linux-x86_64-fedora-gcc 1.0.1 81.76 NOTE
r-devel-windows-ix86+x86_64 1.0.1 77.00 112.00 189.00 OK
r-devel-windows-ix86+x86_64-gcc8 1.0.1 54.00 87.00 141.00 OK
r-patched-linux-x86_64 1.0.1 18.21 41.45 59.66 OK
r-patched-solaris-x86 1.0.1 104.00 NOTE
r-release-linux-x86_64 1.0.1 18.52 41.29 59.81 OK
r-release-windows-ix86+x86_64 1.0.1 62.00 119.00 181.00 OK
r-release-osx-x86_64 1.0.1 NOTE
r-oldrel-windows-ix86+x86_64 1.0.1 41.00 117.00 158.00 OK
r-oldrel-osx-x86_64 1.0.1 NOTE

Check Details

Version: 1.0.1
Check: dependencies in R code
Result: NOTE
    Namespace in Imports field not imported from: ‘testthat’
     All declared Imports should be used.
Flavors: r-devel-linux-x86_64-fedora-clang, r-devel-linux-x86_64-fedora-gcc, r-patched-solaris-x86, r-release-osx-x86_64, r-oldrel-osx-x86_64