Last updated on 2023-12-05 15:55:08 CET.
Flavor | Version | Tinstall | Tcheck | Ttotal | Status | Flags |
---|---|---|---|---|---|---|
r-devel-linux-x86_64-debian-clang | 2.2.1 | 5.47 | 80.81 | 86.28 | NOTE | |
r-devel-linux-x86_64-debian-gcc | 2.2.1 | 4.62 | 55.72 | 60.34 | NOTE | |
r-devel-linux-x86_64-fedora-clang | 2.2.1 | 99.13 | OK | |||
r-devel-linux-x86_64-fedora-gcc | 2.2.1 | 101.76 | OK | |||
r-devel-windows-x86_64 | 2.2.1 | 6.00 | 79.00 | 85.00 | OK | |
r-patched-linux-x86_64 | 2.2.1 | 6.13 | 70.33 | 76.46 | OK | |
r-release-linux-x86_64 | 2.2.1 | 5.34 | 68.76 | 74.10 | OK | |
r-release-macos-arm64 | 2.2.1 | 38.00 | OK | |||
r-release-macos-x86_64 | 2.2.1 | 87.00 | OK | |||
r-release-windows-x86_64 | 2.2.1 | 7.00 | 84.00 | 91.00 | OK | |
r-oldrel-macos-arm64 | 2.2.1 | 36.00 | OK | |||
r-oldrel-macos-x86_64 | 2.2.1 | 53.00 | OK | |||
r-oldrel-windows-x86_64 | 2.2.1 | 8.00 | 82.00 | 90.00 | OK |
Version: 2.2.1
Check: Rd files
Result: NOTE
checkRd: (-1) plot.incidence2.Rd:128: Lost braces; missing escapes or markup?
128 | nature and we recommend calling {ggplot2} but this function is often
| ^
Flavors: r-devel-linux-x86_64-debian-clang, r-devel-linux-x86_64-debian-gcc