CRAN Package Check Results for Package inctools

Last updated on 2021-09-19 02:50:18 CEST.

Flavor Version Tinstall Tcheck Ttotal Status Flags
r-devel-linux-x86_64-debian-clang 1.0.15 4.32 144.16 148.48 OK
r-devel-linux-x86_64-debian-gcc 1.0.15 3.41 107.08 110.49 OK
r-devel-linux-x86_64-fedora-clang 1.0.15 173.77 OK
r-devel-linux-x86_64-fedora-gcc 1.0.15 170.22 OK
r-devel-windows-x86_64 1.0.15 7.00 187.00 194.00 OK
r-devel-windows-x86_64-gcc10-UCRT 1.0.15 ERROR
r-patched-linux-x86_64 1.0.15 3.86 135.61 139.47 OK
r-patched-solaris-x86 1.0.15 233.30 OK
r-release-linux-x86_64 1.0.15 3.98 138.90 142.88 OK
r-release-macos-arm64 1.0.15 OK
r-release-macos-x86_64 1.0.15 OK
r-release-windows-ix86+x86_64 1.0.15 9.00 136.00 145.00 OK
r-oldrel-macos-x86_64 1.0.15 OK
r-oldrel-windows-ix86+x86_64 1.0.15 9.00 141.00 150.00 OK

Check Details

Version: 1.0.15
Check: whether package can be installed
Result: WARN
    Found the following significant warnings:
     WARNING: installation-time patches will not be applied, could not get the patches index
Flavor: r-devel-windows-x86_64-gcc10-UCRT

Version: 1.0.15
Check: PDF version of manual
Result: WARN
    LaTeX errors when creating PDF version.
    This typically indicates Rd problems.
Flavor: r-devel-windows-x86_64-gcc10-UCRT

Version: 1.0.15
Check: PDF version of manual without hyperrefs or index
Result: ERROR
    Re-running with no redirection of stdout/stderr.
Flavor: r-devel-windows-x86_64-gcc10-UCRT