CRAN Package Check Results for Package indiedown

Last updated on 2021-10-25 06:54:36 CEST.

Flavor Version Tinstall Tcheck Ttotal Status Flags
r-devel-linux-x86_64-debian-clang 0.1.1 2.37 31.33 33.70 NOTE
r-devel-linux-x86_64-debian-gcc 0.1.1 2.03 24.98 27.01 NOTE
r-devel-linux-x86_64-fedora-clang 0.1.1 50.84 NOTE
r-devel-linux-x86_64-fedora-gcc 0.1.1 41.22 NOTE
r-devel-windows-x86_64 0.1.1 4.00 64.00 68.00 NOTE
r-devel-windows-x86_64-gcc10-UCRT 0.1 NOTE
r-patched-linux-x86_64 0.1.1 2.79 31.44 34.23 NOTE
r-patched-solaris-x86 0.1.1 66.00 NOTE
r-release-linux-x86_64 0.1.1 2.61 31.20 33.81 NOTE
r-release-macos-arm64 0.1.1 NOTE
r-release-macos-x86_64 0.1.1 NOTE
r-release-windows-ix86+x86_64 0.1.1 7.00 57.00 64.00 NOTE
r-oldrel-macos-x86_64 0.1.1 OK
r-oldrel-windows-ix86+x86_64 0.1.1 6.00 63.00 69.00 OK

Check Details

Version: 0.1.1
Check: LazyData
Result: NOTE
     'LazyData' is specified without a 'data' directory
Flavors: r-devel-linux-x86_64-debian-clang, r-devel-linux-x86_64-debian-gcc, r-devel-linux-x86_64-fedora-clang, r-devel-linux-x86_64-fedora-gcc, r-devel-windows-x86_64, r-devel-windows-x86_64-gcc10-UCRT, r-patched-linux-x86_64, r-patched-solaris-x86, r-release-linux-x86_64, r-release-macos-arm64, r-release-macos-x86_64, r-release-windows-ix86+x86_64