CRAN Package Check Results for Package individual

Last updated on 2021-10-27 18:51:05 CEST.

Flavor Version Tinstall Tcheck Ttotal Status Flags
r-devel-linux-x86_64-debian-clang 0.1.7 111.75 44.42 156.17 OK
r-devel-linux-x86_64-debian-gcc 0.1.7 91.15 34.86 126.01 OK
r-devel-linux-x86_64-fedora-clang 0.1.7 271.31 NOTE
r-devel-linux-x86_64-fedora-gcc 0.1.7 228.31 OK
r-devel-windows-x86_64 0.1.6 147.00 68.00 215.00 OK
r-devel-windows-x86_64-gcc10-UCRT 0.1.6 OK
r-patched-linux-x86_64 0.1.7 102.13 45.66 147.79 OK
r-patched-solaris-x86 0.1.7 161.20 OK
r-release-linux-x86_64 0.1.6 98.98 43.25 142.23 OK
r-release-macos-arm64 0.1.6 NOTE
r-release-macos-x86_64 0.1.7 NOTE
r-release-windows-ix86+x86_64 0.1.7 222.00 92.00 314.00 OK
r-oldrel-macos-x86_64 0.1.7 NOTE
r-oldrel-windows-ix86+x86_64 0.1.6 219.00 100.00 319.00 OK

Check Details

Version: 0.1.7
Check: installed package size
Result: NOTE
     installed size is 10.1Mb
     sub-directories of 1Mb or more:
     libs 8.8Mb
Flavors: r-devel-linux-x86_64-fedora-clang, r-release-macos-x86_64, r-oldrel-macos-x86_64

Version: 0.1.6
Check: installed package size
Result: NOTE
     installed size is 14.1Mb
     sub-directories of 1Mb or more:
     libs 12.8Mb
Flavor: r-release-macos-arm64