CRAN Package Check Results for Package inferr

Last updated on 2021-06-22 08:49:54 CEST.

Flavor Version Tinstall Tcheck Ttotal Status Flags
r-devel-linux-x86_64-debian-clang 0.3.1 32.68 56.80 89.48 OK
r-devel-linux-x86_64-debian-gcc 0.3.1 19.06 42.27 61.33 OK
r-devel-linux-x86_64-fedora-clang 0.3.1 119.08 OK
r-devel-linux-x86_64-fedora-gcc 0.3.1 101.53 OK
r-devel-windows-x86_64 0.3.1 38.00 61.00 99.00 OK
r-devel-windows-x86_64-gcc10-UCRT 0.3.1 NOTE
r-patched-linux-x86_64 0.3.1 22.70 53.79 76.49 OK
r-patched-solaris-x86 0.3.1 117.70 OK
r-release-linux-x86_64 0.3.1 22.19 53.43 75.62 OK
r-release-macos-arm64 0.3.1 OK
r-release-macos-x86_64 0.3.1 OK
r-release-windows-ix86+x86_64 0.3.1 65.00 101.00 166.00 OK
r-oldrel-macos-x86_64 0.3.1 OK

Check Details

Version: 0.3.1
Check: package dependencies
Result: NOTE
    Package suggested but not available for checking: 'covr'
Flavor: r-devel-windows-x86_64-gcc10-UCRT