CRAN Package Check Results for Package inferr

Last updated on 2019-03-21 19:47:03 CET.

Flavor Version Tinstall Tcheck Ttotal Status Flags
r-devel-linux-x86_64-debian-clang 0.3.0 26.07 55.94 82.01 WARN
r-devel-linux-x86_64-debian-gcc 0.3.0 18.23 43.47 61.70 OK
r-devel-linux-x86_64-fedora-clang 0.3.0 104.77 OK
r-devel-linux-x86_64-fedora-gcc 0.3.0 95.71 OK
r-devel-windows-ix86+x86_64 0.3.0 66.00 126.00 192.00 OK
r-patched-linux-x86_64 0.3.0 23.02 51.72 74.74 OK
r-patched-solaris-x86 0.3.0 118.90 OK
r-release-linux-x86_64 0.3.0 24.86 51.87 76.73 OK
r-release-windows-ix86+x86_64 0.3.0 48.00 86.00 134.00 OK
r-release-osx-x86_64 0.3.0 OK
r-oldrel-windows-ix86+x86_64 0.3.0 55.00 150.00 205.00 OK
r-oldrel-osx-x86_64 0.3.0 OK

Check Details

Version: 0.3.0
Check: whether package can be installed
Result: WARN
    Found the following significant warnings:
     Warning: unable to re-encode 'infer-levene-test.R' lines 40, 42
     Warning: unable to re-encode 'infer-runs-test.R' lines 37, 41
Flavor: r-devel-linux-x86_64-debian-clang