CRAN Package Check Results for Package infinitefactor

Last updated on 2020-10-25 20:47:55 CET.

Flavor Version Tinstall Tcheck Ttotal Status Flags
r-devel-linux-x86_64-debian-clang 1.0 60.46 68.68 129.14 OK
r-devel-linux-x86_64-debian-gcc 1.0 46.12 51.16 97.28 OK
r-devel-linux-x86_64-fedora-clang 1.0 180.61 NOTE
r-devel-linux-x86_64-fedora-gcc 1.0 177.04 OK
r-devel-windows-ix86+x86_64 1.0 147.00 153.00 300.00 OK
r-patched-linux-x86_64 1.0 56.93 63.10 120.03 OK
r-patched-solaris-x86 1.0 168.40 OK
r-release-linux-x86_64 1.0 59.52 62.77 122.29 OK
r-release-macos-x86_64 1.0 NOTE
r-release-windows-ix86+x86_64 1.0 107.00 112.00 219.00 OK
r-oldrel-macos-x86_64 1.0 NOTE
r-oldrel-windows-ix86+x86_64 1.0 128.00 146.00 274.00 OK

Check Details

Version: 1.0
Check: installed package size
Result: NOTE
     installed size is 5.1Mb
     sub-directories of 1Mb or more:
     libs 4.9Mb
Flavors: r-devel-linux-x86_64-fedora-clang, r-release-macos-x86_64, r-oldrel-macos-x86_64