CRAN Package Check Results for Package infix

Last updated on 2021-10-28 16:50:26 CEST.

Flavor Version Tinstall Tcheck Ttotal Status Flags
r-devel-linux-x86_64-debian-clang 0.1.0 1.77 19.09 20.86 NOTE
r-devel-linux-x86_64-debian-gcc 0.1.0 1.62 15.27 16.89 NOTE
r-devel-linux-x86_64-fedora-clang 0.1.0 36.96 NOTE
r-devel-linux-x86_64-fedora-gcc 0.1.0 25.73 NOTE
r-devel-windows-x86_64 0.1.0 4.00 28.00 32.00 NOTE
r-devel-windows-x86_64-gcc10-UCRT 0.1.0 NOTE
r-patched-linux-x86_64 0.1.0 2.09 18.57 20.66 NOTE
r-patched-solaris-x86 0.1.0 41.20 NOTE
r-release-linux-x86_64 0.1.0 1.98 18.56 20.54 NOTE
r-release-macos-arm64 0.1.0 NOTE
r-release-macos-x86_64 0.1.0 NOTE
r-release-windows-ix86+x86_64 0.1.0 4.00 40.00 44.00 NOTE
r-oldrel-macos-x86_64 0.1.0 OK
r-oldrel-windows-ix86+x86_64 0.1.0 4.00 35.00 39.00 OK

Check Details

Version: 0.1.0
Check: LazyData
Result: NOTE
     'LazyData' is specified without a 'data' directory
Flavors: r-devel-linux-x86_64-debian-clang, r-devel-linux-x86_64-debian-gcc, r-devel-linux-x86_64-fedora-clang, r-devel-linux-x86_64-fedora-gcc, r-devel-windows-x86_64, r-devel-windows-x86_64-gcc10-UCRT, r-patched-linux-x86_64, r-patched-solaris-x86, r-release-linux-x86_64, r-release-macos-arm64, r-release-macos-x86_64, r-release-windows-ix86+x86_64