CRAN Package Check Results for Package influenceR

Last updated on 2018-08-20 18:47:39 CEST.

Flavor Version Tinstall Tcheck Ttotal Status Flags
r-devel-linux-x86_64-debian-clang 0.1.0 3.22 30.48 33.70 NOTE
r-devel-linux-x86_64-debian-gcc 0.1.0 2.61 23.00 25.61 NOTE
r-devel-linux-x86_64-fedora-clang 0.1.0 37.88 NOTE
r-devel-linux-x86_64-fedora-gcc 0.1.0 34.67 NOTE
r-devel-windows-ix86+x86_64 0.1.0 14.00 67.00 81.00 OK
r-patched-linux-x86_64 0.1.0 3.11 25.52 28.63 NOTE
r-patched-solaris-x86 0.1.0 56.10 OK
r-release-linux-x86_64 0.1.0 3.07 25.21 28.28 NOTE
r-release-windows-ix86+x86_64 0.1.0 14.00 49.00 63.00 OK
r-release-osx-x86_64 0.1.0 OK
r-oldrel-windows-ix86+x86_64 0.1.0 10.00 62.00 72.00 OK
r-oldrel-osx-x86_64 0.1.0 OK

Check Details

Version: 0.1.0
Check: compiled code
Result: NOTE
    File ‘influenceR/libs/influenceR.so’:
     Found no calls to: ‘R_registerRoutines’, ‘R_useDynamicSymbols’
    
    It is good practice to register native routines and to disable symbol
    search.
    
    See ‘Writing portable packages’ in the ‘Writing R Extensions’ manual.
Flavors: r-devel-linux-x86_64-debian-clang, r-devel-linux-x86_64-debian-gcc, r-devel-linux-x86_64-fedora-clang, r-devel-linux-x86_64-fedora-gcc, r-patched-linux-x86_64, r-release-linux-x86_64