CRAN Package Check Results for Package influenceR

Last updated on 2018-11-19 03:48:43 CET.

Flavor Version Tinstall Tcheck Ttotal Status Flags
r-devel-linux-x86_64-debian-clang OK
r-devel-linux-x86_64-debian-gcc 0.1.0 2.37 22.10 24.47 OK
r-devel-linux-x86_64-fedora-clang 0.1.0 36.38 NOTE
r-devel-linux-x86_64-fedora-gcc 0.1.0 33.52 NOTE
r-devel-windows-ix86+x86_64 0.1.0 15.00 49.00 64.00 OK
r-patched-linux-x86_64 0.1.0 3.09 25.50 28.59 OK
r-patched-solaris-x86 0.1.0 55.10 OK
r-release-linux-x86_64 0.1.0 2.67 25.54 28.21 OK
r-release-windows-ix86+x86_64 0.1.0 14.00 50.00 64.00 OK
r-release-osx-x86_64 0.1.0 OK
r-oldrel-windows-ix86+x86_64 0.1.0 15.00 61.00 76.00 OK
r-oldrel-osx-x86_64 0.1.0 OK

Additional issues

rchk

Check Details

Version: 0.1.0
Check: compiled code
Result: NOTE
    File ‘influenceR/libs/influenceR.so’:
     Found no calls to: ‘R_registerRoutines’, ‘R_useDynamicSymbols’
    
    It is good practice to register native routines and to disable symbol
    search.
    
    See ‘Writing portable packages’ in the ‘Writing R Extensions’ manual.
Flavors: r-devel-linux-x86_64-fedora-clang, r-devel-linux-x86_64-fedora-gcc