CRAN Package Check Results for Package influenceR

Last updated on 2018-02-21 01:47:37 CET.

Flavor Version Tinstall Tcheck Ttotal Status Flags
r-devel-linux-x86_64-debian-clang 0.1.0 3.64 28.19 31.83 NOTE
r-devel-linux-x86_64-debian-gcc 0.1.0 2.30 20.42 22.72 NOTE
r-devel-linux-x86_64-fedora-clang 0.1.0 33.97 NOTE
r-devel-linux-x86_64-fedora-gcc 0.1.0 31.55 NOTE
r-devel-windows-ix86+x86_64 0.1.0 11.00 47.00 58.00 OK
r-patched-linux-x86_64 0.1.0 2.99 25.18 28.17 NOTE
r-patched-solaris-x86 0.1.0 48.40 OK
r-release-linux-x86_64 0.1.0 2.87 25.33 28.20 NOTE
r-release-windows-ix86+x86_64 0.1.0 17.00 64.00 81.00 OK
r-release-osx-x86_64 0.1.0 OK
r-oldrel-windows-ix86+x86_64 0.1.0 16.00 51.00 67.00 OK
r-oldrel-osx-x86_64 0.1.0 OK

Additional issues

rchk

Check Details

Version: 0.1.0
Check: compiled code
Result: NOTE
    File ‘influenceR/libs/influenceR.so’:
     Found no calls to: ‘R_registerRoutines’, ‘R_useDynamicSymbols’
    
    It is good practice to register native routines and to disable symbol
    search.
    
    See ‘Writing portable packages’ in the ‘Writing R Extensions’ manual.
Flavors: r-devel-linux-x86_64-debian-clang, r-devel-linux-x86_64-debian-gcc, r-devel-linux-x86_64-fedora-clang, r-devel-linux-x86_64-fedora-gcc, r-patched-linux-x86_64, r-release-linux-x86_64