CRAN Package Check Results for Package influenceR

Last updated on 2017-12-14 08:51:11 CET.

Flavor Version Tinstall Tcheck Ttotal Status Flags
r-devel-linux-x86_64-debian-clang 0.1.0 2.47 12.91 15.38 FAIL
r-devel-linux-x86_64-debian-gcc 0.1.0 2.02 11.54 13.56 FAIL
r-devel-linux-x86_64-fedora-clang 0.1.0 34.63 NOTE
r-devel-linux-x86_64-fedora-gcc 0.1.0 33.49 NOTE
r-devel-windows-ix86+x86_64 0.1.0 15.00 61.00 76.00 OK
r-patched-linux-x86_64 0.1.0 2.50 24.79 27.29 NOTE
r-patched-solaris-x86 0.1.0 47.90 OK
r-release-linux-x86_64 0.1.0 2.72 25.51 28.23 NOTE
r-release-windows-ix86+x86_64 0.1.0 10.00 43.00 53.00 OK
r-release-osx-x86_64 0.1.0 OK
r-oldrel-windows-ix86+x86_64 0.1.0 10.00 52.00 62.00 OK
r-oldrel-osx-x86_64 0.1.0 OK

Additional issues

rchk

Check Details

Version: 0.1.0
Check: pragmas in C/C++ headers and code
Result: FAIL
    
Flavors: r-devel-linux-x86_64-debian-clang, r-devel-linux-x86_64-debian-gcc

Version: 0.1.0
Check: compiled code
Result: NOTE
    File ‘influenceR/libs/influenceR.so’:
     Found no calls to: ‘R_registerRoutines’, ‘R_useDynamicSymbols’
    
    It is good practice to register native routines and to disable symbol
    search.
    
    See ‘Writing portable packages’ in the ‘Writing R Extensions’ manual.
Flavors: r-devel-linux-x86_64-fedora-clang, r-devel-linux-x86_64-fedora-gcc, r-patched-linux-x86_64, r-release-linux-x86_64