CRAN Package Check Results for Package influenceR

Last updated on 2018-05-23 00:46:41 CEST.

Flavor Version Tinstall Tcheck Ttotal Status Flags
r-devel-linux-x86_64-debian-clang 0.1.0 3.49 29.73 33.22 NOTE
r-devel-linux-x86_64-debian-gcc 0.1.0 2.48 21.74 24.22 NOTE
r-devel-linux-x86_64-fedora-clang 0.1.0 37.34 NOTE
r-devel-linux-x86_64-fedora-gcc 0.1.0 34.73 NOTE
r-devel-windows-ix86+x86_64 0.1.0 11.00 68.00 79.00 OK
r-patched-linux-x86_64 0.1.0 2.85 25.12 27.97 NOTE
r-patched-solaris-x86 0.1.0 54.30 OK
r-release-linux-x86_64 0.1.0 3.02 24.63 27.65 NOTE
r-release-windows-ix86+x86_64 0.1.0 13.00 48.00 61.00 OK
r-release-osx-x86_64 0.1.0 OK
r-oldrel-windows-ix86+x86_64 0.1.0 12.00 46.00 58.00 OK
r-oldrel-osx-x86_64 0.1.0 OK

Check Details

Version: 0.1.0
Check: compiled code
Result: NOTE
    File ‘influenceR/libs/influenceR.so’:
     Found no calls to: ‘R_registerRoutines’, ‘R_useDynamicSymbols’
    
    It is good practice to register native routines and to disable symbol
    search.
    
    See ‘Writing portable packages’ in the ‘Writing R Extensions’ manual.
Flavors: r-devel-linux-x86_64-debian-clang, r-devel-linux-x86_64-debian-gcc, r-devel-linux-x86_64-fedora-clang, r-devel-linux-x86_64-fedora-gcc, r-patched-linux-x86_64, r-release-linux-x86_64