Last updated on 2023-02-05 23:58:47 CET.
Flavor | Version | Tinstall | Tcheck | Ttotal | Status | Flags |
---|---|---|---|---|---|---|
r-devel-linux-x86_64-debian-clang | 1.2.0.1 | 6.94 | 21.88 | 28.82 | OK | |
r-devel-linux-x86_64-debian-gcc | 1.2.0.1 | 4.73 | 17.46 | 22.19 | OK | |
r-devel-linux-x86_64-fedora-clang | 1.2.0.1 | 39.04 | NOTE | |||
r-devel-linux-x86_64-fedora-gcc | 1.2.0.1 | 35.29 | NOTE | |||
r-devel-windows-x86_64 | 1.2.0.1 | 21.00 | 73.00 | 94.00 | OK | |
r-patched-linux-x86_64 | 1.2.0.1 | 5.15 | 21.39 | 26.54 | OK | |
r-release-linux-x86_64 | 1.2.0.1 | 5.03 | 21.76 | 26.79 | OK | |
r-release-macos-arm64 | 1.2.0.1 | 17.00 | OK | |||
r-release-macos-x86_64 | 1.2.0.1 | 25.00 | OK | |||
r-release-windows-x86_64 | 1.2.0.1 | 12.00 | 66.00 | 78.00 | OK | |
r-oldrel-macos-arm64 | 1.2.0.1 | 17.00 | OK | |||
r-oldrel-macos-x86_64 | 1.2.0.1 | 26.00 | OK | |||
r-oldrel-windows-ix86+x86_64 | 1.2.0.1 | 15.00 | 52.00 | 67.00 | OK |
Version: 1.2.0.1
Check: compiled code
Result: NOTE
File ‘infotheo/libs/infotheo.so’:
Found no calls to: ‘R_registerRoutines’, ‘R_useDynamicSymbols’
It is good practice to register native routines and to disable symbol
search.
See ‘Writing portable packages’ in the ‘Writing R Extensions’ manual.
Flavors: r-devel-linux-x86_64-fedora-clang, r-devel-linux-x86_64-fedora-gcc