CRAN Package Check Results for Package injectoR

Last updated on 2021-09-21 19:49:20 CEST.

Flavor Version Tinstall Tcheck Ttotal Status Flags
r-devel-linux-x86_64-debian-clang 0.2.4 2.01 22.28 24.29 OK
r-devel-linux-x86_64-debian-gcc 0.2.4 1.52 17.88 19.40 OK
r-devel-linux-x86_64-fedora-clang 0.2.4 38.20 OK
r-devel-linux-x86_64-fedora-gcc 0.2.4 28.19 OK
r-devel-windows-x86_64 0.2.4 2.00 29.00 31.00 OK
r-devel-windows-x86_64-gcc10-UCRT 0.2.4 ERROR
r-patched-linux-x86_64 0.2.4 2.04 21.48 23.52 OK
r-patched-solaris-x86 0.2.4 44.90 OK
r-release-linux-x86_64 0.2.4 1.86 21.79 23.65 OK
r-release-macos-arm64 0.2.4 OK
r-release-macos-x86_64 0.2.4 OK
r-release-windows-ix86+x86_64 0.2.4 4.00 29.00 33.00 OK
r-oldrel-macos-x86_64 0.2.4 OK
r-oldrel-windows-ix86+x86_64 0.2.4 5.00 29.00 34.00 OK

Check Details

Version: 0.2.4
Check: whether package can be installed
Result: WARN
    Found the following significant warnings:
     WARNING: installation-time patches will not be applied, could not get the patches index
Flavor: r-devel-windows-x86_64-gcc10-UCRT

Version: 0.2.4
Check: PDF version of manual
Result: WARN
    LaTeX errors when creating PDF version.
    This typically indicates Rd problems.
Flavor: r-devel-windows-x86_64-gcc10-UCRT

Version: 0.2.4
Check: PDF version of manual without hyperrefs or index
Result: ERROR
    Re-running with no redirection of stdout/stderr.
Flavor: r-devel-windows-x86_64-gcc10-UCRT