Last updated on 2023-02-04 22:54:52 CET.
Flavor | Version | Tinstall | Tcheck | Ttotal | Status | Flags |
---|---|---|---|---|---|---|
r-devel-linux-x86_64-debian-clang | 2.7.0 | 27.28 | 291.50 | 318.78 | NOTE | |
r-devel-linux-x86_64-debian-gcc | 2.7.0 | 21.26 | 214.08 | 235.34 | NOTE | |
r-devel-linux-x86_64-fedora-clang | 2.7.0 | 488.59 | OK | |||
r-devel-linux-x86_64-fedora-gcc | 2.7.0 | 483.70 | OK | |||
r-devel-windows-x86_64 | 2.7.0 | 163.00 | 356.00 | 519.00 | NOTE | |
r-patched-linux-x86_64 | 2.7.0 | 31.29 | 261.81 | 293.10 | NOTE | |
r-release-linux-x86_64 | 2.7.0 | 25.42 | 249.75 | 275.17 | NOTE | |
r-release-macos-arm64 | 2.7.0 | 89.00 | NOTE | |||
r-release-macos-x86_64 | 2.7.0 | 129.00 | NOTE | |||
r-release-windows-x86_64 | 2.7.0 | 204.00 | 337.00 | 541.00 | NOTE | |
r-oldrel-macos-arm64 | 2.7.0 | 86.00 | NOTE | |||
r-oldrel-macos-x86_64 | 2.7.0 | 133.00 | NOTE | |||
r-oldrel-windows-ix86+x86_64 | 2.7.0 | 49.00 | 307.00 | 356.00 | OK |
Version: 2.7.0
Check: package dependencies
Result: NOTE
Package suggested but not available for checking: ‘INLA’
Flavors: r-devel-linux-x86_64-debian-clang, r-devel-linux-x86_64-debian-gcc, r-devel-windows-x86_64, r-patched-linux-x86_64, r-release-linux-x86_64, r-release-macos-arm64, r-release-macos-x86_64, r-release-windows-x86_64, r-oldrel-macos-arm64, r-oldrel-macos-x86_64