CRAN Package Check Results for Package inline

Last updated on 2021-09-23 16:50:28 CEST.

Flavor Version Tinstall Tcheck Ttotal Status Flags
r-devel-linux-x86_64-debian-clang 0.3.19 2.86 62.09 64.95 OK
r-devel-linux-x86_64-debian-gcc 0.3.19 2.51 40.99 43.50 OK
r-devel-linux-x86_64-fedora-clang 0.3.19 86.36 OK
r-devel-linux-x86_64-fedora-gcc 0.3.19 71.59 OK
r-devel-windows-x86_64 0.3.19 5.00 69.00 74.00 OK
r-devel-windows-x86_64-gcc10-UCRT 0.3.19 OK
r-patched-linux-x86_64 0.3.19 3.33 53.11 56.44 OK
r-patched-solaris-x86 0.3.19 90.20 OK
r-release-linux-x86_64 0.3.19 2.54 52.61 55.15 OK
r-release-macos-arm64 0.3.19 OK
r-release-macos-x86_64 0.3.19 ERROR
r-release-windows-ix86+x86_64 0.3.19 8.00 74.00 82.00 OK
r-oldrel-macos-x86_64 0.3.19 OK
r-oldrel-windows-ix86+x86_64 0.3.19 31.00 74.00 105.00 OK

Check Details

Version: 0.3.19
Check: tests
Result: ERROR
     Running ‘tinytest.R’ [13s/18s]
    Running the tests in ‘tests/tinytest.R’ failed.
    Last 13 lines of output:
     test_utilities.R.............. 10 tests <1b>[0;31m1 fails<1b>[0m
     test_utilities.R.............. 10 tests <1b>[0;31m1 fails<1b>[0m
     test_utilities.R.............. 11 tests <1b>[0;31m1 fails<1b>[0m
     test_utilities.R.............. 11 tests <1b>[0;31m1 fails<1b>[0m
     test_utilities.R.............. 11 tests <1b>[0;31m1 fails<1b>[0m
     test_utilities.R.............. 11 tests <1b>[0;31m1 fails<1b>[0m
     test_utilities.R.............. 11 tests <1b>[0;31m1 fails<1b>[0m
     test_utilities.R.............. 12 tests <1b>[0;31m1 fails<1b>[0m
     test_utilities.R.............. 13 tests <1b>[0;31m1 fails<1b>[0m <1b>[0;34m3.1s<1b>[0m
     ----- FAILED[xcpt]: test_utilities.R<39--42>
     call| expect_error(moveDLL(quadfn, name = "testname", directory = tempdir(),
     call| --> unload = TRUE, overwrite = TRUE), "file can not be copied both 'from' and 'to'")
     diff| No error
     Error: 1 out of 30 tests failed
     Execution halted
Flavor: r-release-macos-x86_64