CRAN Package Check Results for Package inlinedocs

Last updated on 2023-03-31 09:54:11 CEST.

Flavor Version Tinstall Tcheck Ttotal Status Flags
r-devel-linux-x86_64-debian-clang 2019.12.5 5.73 36.62 42.35 OK
r-devel-linux-x86_64-debian-gcc 2019.12.5 3.70 27.89 31.59 OK
r-devel-linux-x86_64-fedora-clang 2019.12.5 52.24 NOTE
r-devel-linux-x86_64-fedora-gcc 2019.12.5 50.13 OK
r-devel-windows-x86_64 2019.12.5 48.00 0.00 48.00 OK
r-patched-linux-x86_64 2019.12.5 6.46 34.04 40.50 OK
r-release-linux-x86_64 2019.12.5 4.08 35.68 39.76 OK
r-release-macos-arm64 2019.12.5 23.00 OK
r-release-macos-x86_64 2019.12.5 31.00 OK
r-release-windows-x86_64 2019.12.5 42.00 84.00 126.00 OK
r-oldrel-macos-arm64 2019.12.5 27.00 OK
r-oldrel-macos-x86_64 2019.12.5 39.00 OK
r-oldrel-windows-ix86+x86_64 2019.12.5 10.00 65.00 75.00 OK

Check Details

Version: 2019.12.5
Check: Rd cross-references
Result: NOTE
    Undeclared package ‘R.methodsS3’ in Rd xrefs
Flavor: r-devel-linux-x86_64-fedora-clang