CRAN Package Check Results for Package inpdfr

Last updated on 2020-04-02 20:48:29 CEST.

Flavor Version Tinstall Tcheck Ttotal Status Flags
r-devel-linux-x86_64-debian-clang 0.1.11 6.72 55.51 62.23 OK
r-devel-linux-x86_64-debian-gcc 0.1.11 6.16 42.06 48.22 OK
r-devel-linux-x86_64-fedora-clang 0.1.11 78.23 NOTE
r-devel-linux-x86_64-fedora-gcc 0.1.11 76.43 NOTE
r-devel-windows-ix86+x86_64 0.1.11 16.00 66.00 82.00 OK
r-devel-windows-ix86+x86_64-gcc8 0.1.11 15.00 66.00 81.00 OK
r-patched-linux-x86_64 0.1.11 7.26 52.62 59.88 OK
r-patched-solaris-x86 0.1.11 112.40 NOTE
r-release-linux-x86_64 0.1.11 4.92 48.42 53.34 OK
r-release-windows-ix86+x86_64 0.1.11 10.00 74.00 84.00 OK
r-release-osx-x86_64 0.1.11 NOTE
r-oldrel-windows-ix86+x86_64 0.1.11 8.00 70.00 78.00 OK
r-oldrel-osx-x86_64 0.1.11 NOTE

Check Details

Version: 0.1.11
Check: dependencies in R code
Result: NOTE
    Namespace in Imports field not imported from: ‘ca’
     All declared Imports should be used.
Flavors: r-devel-linux-x86_64-fedora-clang, r-devel-linux-x86_64-fedora-gcc, r-patched-solaris-x86, r-release-osx-x86_64, r-oldrel-osx-x86_64