CRAN Package Check Results for Package inplace

Last updated on 2019-05-26 17:52:54 CEST.

Flavor Version Tinstall Tcheck Ttotal Status Flags
r-devel-linux-x86_64-debian-clang 0.1.0 89.68 24.60 114.28 OK
r-devel-linux-x86_64-debian-gcc 0.1.0 66.49 19.80 86.29 OK
r-devel-linux-x86_64-fedora-clang 0.1.0 183.55 OK
r-devel-linux-x86_64-fedora-gcc 0.1.0 155.43 OK
r-devel-windows-ix86+x86_64 0.1.0 171.00 75.00 246.00 OK
r-patched-linux-x86_64 0.1.0 OK
r-patched-solaris-x86 0.1.0 153.40 ERROR
r-release-linux-x86_64 0.1.0 80.74 24.44 105.18 OK
r-release-windows-ix86+x86_64 0.1.0 223.00 56.00 279.00 OK
r-release-osx-x86_64 0.1.0 OK
r-oldrel-windows-ix86+x86_64 0.1.0 222.00 60.00 282.00 OK
r-oldrel-osx-x86_64 0.1.0 OK

Check Details

Version: 0.1.0
Check: tests
Result: ERROR
     Running ‘spelling.R’
     Running ‘testthat.R’
    Running the tests in ‘tests/testthat.R’ failed.
    Complete output:
     > library(testthat)
     > library(inplace)
     >
     > test_check("inplace")
     ── 1. Failure: in-place operators work in common cases (@test-operators.R#56) ─
     `X` not identical to `X2`.
     Objects equal but not identical
    
     ── 2. Failure: in-place operators work in common cases (@test-sweep.R#51) ─────
     `X` not identical to `X2`.
     Objects equal but not identical
    
     ══ testthat results ═══════════════════════════════════════════════════════════
     OK: 806 SKIPPED: 0 WARNINGS: 0 FAILED: 2
     1. Failure: in-place operators work in common cases (@test-operators.R#56)
     2. Failure: in-place operators work in common cases (@test-sweep.R#51)
    
     Error: testthat unit tests failed
     Execution halted
Flavor: r-patched-solaris-x86