CRAN Package Check Results for Package inplace

Last updated on 2019-03-24 16:49:38 CET.

Flavor Version Tinstall Tcheck Ttotal Status Flags
r-devel-linux-x86_64-debian-clang 0.1.0 85.37 24.85 110.22 OK
r-devel-linux-x86_64-debian-gcc 0.1.0 66.68 19.74 86.42 OK
r-devel-linux-x86_64-fedora-clang 0.1.0 182.85 OK
r-devel-linux-x86_64-fedora-gcc 0.1.0 153.82 OK
r-devel-windows-ix86+x86_64 0.1.0 260.00 80.00 340.00 OK
r-patched-linux-x86_64 0.1.0 84.25 23.49 107.74 OK
r-patched-solaris-x86 0.1.0 136.20 ERROR
r-release-linux-x86_64 0.1.0 83.28 23.32 106.60 OK
r-release-windows-ix86+x86_64 0.1.0 169.00 60.00 229.00 OK
r-release-osx-x86_64 0.1.0 OK
r-oldrel-windows-ix86+x86_64 0.1.0 178.00 78.00 256.00 OK
r-oldrel-osx-x86_64 0.1.0 OK

Check Details

Version: 0.1.0
Check: tests
Result: ERROR
     Running ‘spelling.R’
     Running ‘testthat.R’
    Running the tests in ‘tests/testthat.R’ failed.
    Complete output:
     > library(testthat)
     > library(inplace)
     >
     > test_check("inplace")
     ── 1. Failure: in-place operators work in common cases (@test-operators.R#56) ─
     `X` not identical to `X2`.
     Objects equal but not identical
    
     ── 2. Failure: in-place operators work in common cases (@test-sweep.R#49) ─────
     `X` not identical to `X2`.
     Objects equal but not identical
    
     ══ testthat results ═══════════════════════════════════════════════════════════
     OK: 806 SKIPPED: 0 FAILED: 2
     1. Failure: in-place operators work in common cases (@test-operators.R#56)
     2. Failure: in-place operators work in common cases (@test-sweep.R#49)
    
     Error: testthat unit tests failed
     Execution halted
Flavor: r-patched-solaris-x86