CRAN Package Check Results for Package insane

Last updated on 2021-04-11 02:46:47 CEST.

Flavor Version Tinstall Tcheck Ttotal Status Flags
r-devel-linux-x86_64-debian-clang 0.1.0 8.37 76.89 85.26 NOTE
r-devel-linux-x86_64-debian-gcc 0.1.0 6.83 57.55 64.38 NOTE
r-devel-linux-x86_64-fedora-clang 0.1.0 109.94 NOTE
r-devel-linux-x86_64-fedora-gcc 0.1.0 95.66 NOTE
r-devel-windows-ix86+x86_64 0.1.0 17.00 84.00 101.00 NOTE
r-devel-windows-x86_64-gcc10-UCRT 0.1.0 NOTE
r-patched-linux-x86_64 0.1.0 7.85 73.02 80.87 OK
r-patched-solaris-x86 0.1.0 156.00 OK
r-release-linux-x86_64 0.1.0 8.90 73.16 82.06 OK
r-release-macos-x86_64 0.1.0 OK
r-release-windows-ix86+x86_64 0.1.0 23.00 111.00 134.00 OK
r-oldrel-macos-x86_64 0.1.0 OK
r-oldrel-windows-ix86+x86_64 0.1.0 17.00 97.00 114.00 OK

Check Details

Version: 0.1.0
Check: LazyData
Result: NOTE
     'LazyData' is specified without a 'data' directory
Flavors: r-devel-linux-x86_64-debian-clang, r-devel-linux-x86_64-debian-gcc, r-devel-linux-x86_64-fedora-clang, r-devel-linux-x86_64-fedora-gcc, r-devel-windows-ix86+x86_64, r-devel-windows-x86_64-gcc10-UCRT