CRAN Package Check Results for Package insurancerating

Last updated on 2024-02-26 02:51:27 CET.

Flavor Version Tinstall Tcheck Ttotal Status Flags
r-devel-linux-x86_64-debian-clang 0.7.2 19.25 175.86 195.11 NOTE
r-devel-linux-x86_64-debian-gcc 0.7.2 15.47 133.72 149.19 NOTE
r-devel-linux-x86_64-fedora-clang 0.7.2 233.94 OK
r-devel-linux-x86_64-fedora-gcc 0.7.2 227.00 OK
r-devel-windows-x86_64 0.7.2 16.00 150.00 166.00 OK
r-patched-linux-x86_64 0.7.2 20.91 168.74 189.65 OK
r-release-linux-x86_64 0.7.2 13.34 173.68 187.02 OK
r-release-macos-arm64 0.7.2 71.00 OK
r-release-macos-x86_64 0.7.2 119.00 OK
r-release-windows-x86_64 0.7.2 24.00 189.00 213.00 OK
r-oldrel-macos-arm64 0.7.2 69.00 OK
r-oldrel-windows-x86_64 0.7.2 24.00 190.00 214.00 OK

Check Details

Version: 0.7.2
Check: Rd files
Result: NOTE checkRd: (-1) model_performance.Rd:21: Lost braces in \itemize; meant \describe ? checkRd: (-1) model_performance.Rd:22: Lost braces in \itemize; meant \describe ? checkRd: (-1) model_performance.Rd:23: Lost braces in \itemize; meant \describe ? Flavors: r-devel-linux-x86_64-debian-clang, r-devel-linux-x86_64-debian-gcc