CRAN Package Check Results for Package intccr

Last updated on 2019-09-22 01:46:14 CEST.

Flavor Version Tinstall Tcheck Ttotal Status Flags
r-devel-linux-x86_64-debian-clang 1.1.4 3.24 67.16 70.40 OK
r-devel-linux-x86_64-debian-gcc 1.1.4 3.13 46.30 49.43 OK
r-devel-linux-x86_64-fedora-clang 1.1.4 82.79 NOTE
r-devel-linux-x86_64-fedora-gcc 1.1.4 81.18 NOTE
r-devel-windows-ix86+x86_64 1.1.4 12.00 61.00 73.00 OK
r-patched-linux-x86_64 1.1.4 3.77 65.67 69.44 OK
r-patched-solaris-x86 1.1.4 97.60 NOTE
r-release-linux-x86_64 1.1.4 3.80 66.49 70.29 OK
r-release-windows-ix86+x86_64 1.1.4 5.00 66.00 71.00 OK
r-release-osx-x86_64 1.1.4 NOTE
r-oldrel-windows-ix86+x86_64 1.1.4 5.00 67.00 72.00 OK
r-oldrel-osx-x86_64 1.1.4 NOTE

Check Details

Version: 1.1.4
Check: dependencies in R code
Result: NOTE
    Namespace in Imports field not imported from: ‘numDeriv’
     All declared Imports should be used.
Flavors: r-devel-linux-x86_64-fedora-clang, r-devel-linux-x86_64-fedora-gcc, r-patched-solaris-x86, r-release-osx-x86_64, r-oldrel-osx-x86_64