CRAN Package Check Results for Package intccr

Last updated on 2019-06-25 17:49:52 CEST.

Flavor Version Tinstall Tcheck Ttotal Status Flags
r-devel-linux-x86_64-debian-clang 1.1.4 3.17 59.85 63.02 OK
r-devel-linux-x86_64-debian-gcc 1.1.4 2.89 46.02 48.91 OK
r-devel-linux-x86_64-fedora-clang 1.1.4 82.11 NOTE
r-devel-linux-x86_64-fedora-gcc 1.1.4 79.53 NOTE
r-devel-windows-ix86+x86_64 1.1.4 11.00 71.00 82.00 OK
r-patched-linux-x86_64 1.1.4 3.46 59.62 63.08 OK
r-patched-solaris-x86 1.1.4 100.20 NOTE
r-release-linux-x86_64 1.1.4 3.93 59.59 63.52 OK
r-release-windows-ix86+x86_64 1.1.4 6.00 87.00 93.00 OK
r-release-osx-x86_64 1.1.4 NOTE
r-oldrel-windows-ix86+x86_64 1.1.4 5.00 65.00 70.00 OK
r-oldrel-osx-x86_64 1.1.4 NOTE

Check Details

Version: 1.1.4
Check: dependencies in R code
Result: NOTE
    Namespace in Imports field not imported from: ‘numDeriv’
     All declared Imports should be used.
Flavors: r-devel-linux-x86_64-fedora-clang, r-devel-linux-x86_64-fedora-gcc, r-patched-solaris-x86, r-release-osx-x86_64, r-oldrel-osx-x86_64