CRAN Package Check Results for Package intePareto

Last updated on 2020-04-03 22:50:31 CEST.

Flavor Version Tinstall Tcheck Ttotal Status Flags
r-devel-linux-x86_64-debian-clang 0.0.1 40.71 383.24 423.95 OK
r-devel-linux-x86_64-debian-gcc 0.0.1 35.78 293.62 329.40 OK
r-devel-linux-x86_64-fedora-clang 0.0.1 510.02 OK
r-devel-linux-x86_64-fedora-gcc 0.0.1 524.86 OK
r-devel-windows-ix86+x86_64 0.0.1 5.00 6.00 11.00 ERROR
r-devel-windows-ix86+x86_64-gcc8 0.0.1 4.00 6.00 10.00 ERROR
r-patched-linux-x86_64 0.0.1 36.55 362.21 398.76 OK
r-patched-solaris-x86 0.0.1 796.10 OK
r-release-linux-x86_64 0.0.1 30.32 329.97 360.29 OK
r-release-windows-ix86+x86_64 0.0.1 84.00 375.00 459.00 OK
r-release-osx-x86_64 0.0.1 ERROR
r-oldrel-osx-x86_64 0.0.1 ERROR

Check Details

Version: 0.0.1
Check: whether package can be installed
Result: ERROR
    Installation failed.
Flavors: r-devel-windows-ix86+x86_64, r-devel-windows-ix86+x86_64-gcc8

Version: 0.0.1
Check: package dependencies
Result: ERROR
    Package required but not available: ‘apeglm’
    
    See section ‘The DESCRIPTION file’ in the ‘Writing R Extensions’
    manual.
Flavor: r-release-osx-x86_64

Version: 0.0.1
Check: package dependencies
Result: ERROR
    Packages required but not available:
     ‘GenomicAlignments’ ‘Rsamtools’ ‘apeglm’
    
    See section ‘The DESCRIPTION file’ in the ‘Writing R Extensions’
    manual.
Flavor: r-oldrel-osx-x86_64