CRAN Package Check Results for Package intensity.analysis

Last updated on 2020-03-30 18:49:01 CEST.

Flavor Version Tinstall Tcheck Ttotal Status Flags
r-devel-linux-x86_64-debian-clang 0.1.6 10.49 123.73 134.22 OK
r-devel-linux-x86_64-debian-gcc 0.1.6 8.64 93.21 101.85 OK
r-devel-linux-x86_64-fedora-clang 0.1.6 157.60 NOTE
r-devel-linux-x86_64-fedora-gcc 0.1.6 156.29 NOTE
r-devel-windows-ix86+x86_64 0.1.6 28.00 110.00 138.00 OK
r-devel-windows-ix86+x86_64-gcc8 0.1.6 23.00 117.00 140.00 OK
r-patched-linux-x86_64 0.1.6 10.87 114.03 124.90 OK
r-patched-solaris-x86 0.1.6 242.80 NOTE
r-release-linux-x86_64 0.1.6 8.81 108.09 116.90 OK
r-release-windows-ix86+x86_64 0.1.6 35.00 166.00 201.00 OK
r-release-osx-x86_64 0.1.6 NOTE
r-oldrel-windows-ix86+x86_64 0.1.6 24.00 163.00 187.00 OK
r-oldrel-osx-x86_64 0.1.6 NOTE

Check Details

Version: 0.1.6
Check: dependencies in R code
Result: NOTE
    Namespace in Imports field not imported from: ‘grDevices’
     All declared Imports should be used.
Flavors: r-devel-linux-x86_64-fedora-clang, r-devel-linux-x86_64-fedora-gcc, r-patched-solaris-x86, r-release-osx-x86_64, r-oldrel-osx-x86_64