CRAN Package Check Results for Package interAdapt

Last updated on 2020-07-16 19:47:24 CEST.

Flavor Version Tinstall Tcheck Ttotal Status Flags
r-devel-linux-x86_64-debian-clang 0.1 4.72 48.29 53.01 NOTE
r-devel-linux-x86_64-debian-gcc 0.1 4.90 38.22 43.12 NOTE
r-devel-linux-x86_64-fedora-clang 0.1 74.72 NOTE
r-devel-linux-x86_64-fedora-gcc 0.1 70.62 NOTE
r-devel-windows-ix86+x86_64 0.1 23.00 93.00 116.00 NOTE
r-patched-linux-x86_64 0.1 5.27 47.92 53.19 NOTE
r-patched-solaris-x86 0.1 103.70 NOTE
r-release-linux-x86_64 0.1 6.29 48.35 54.64 NOTE
r-release-windows-ix86+x86_64 0.1 26.00 58.00 84.00 NOTE
r-oldrel-macos-x86_64 0.1 NOTE
r-oldrel-windows-ix86+x86_64 0.1 18.00 79.00 97.00 NOTE

Check Details

Version: 0.1
Check: DESCRIPTION meta-information
Result: NOTE
    Malformed Description field: should contain one or more complete sentences.
Flavors: r-devel-linux-x86_64-debian-clang, r-devel-linux-x86_64-debian-gcc, r-devel-linux-x86_64-fedora-clang, r-devel-linux-x86_64-fedora-gcc, r-devel-windows-ix86+x86_64, r-patched-linux-x86_64, r-patched-solaris-x86, r-release-linux-x86_64, r-release-windows-ix86+x86_64, r-oldrel-macos-x86_64, r-oldrel-windows-ix86+x86_64

Version: 0.1
Check: R code for possible problems
Result: NOTE
    compute_design_performance: no visible global function definition for
     'read.csv'
    compute_design_performance : get_power: no visible global function
     definition for 'rnorm'
    compute_design_performance : power_curve_plot: no visible global
     function definition for 'lines'
    compute_design_performance : power_curve_plot: no visible global
     function definition for 'legend'
    compute_design_performance : expected_sample_size_plot: no visible
     global function definition for 'lines'
    compute_design_performance : expected_sample_size_plot: no visible
     global function definition for 'legend'
    compute_design_performance : expected_duration_plot: no visible global
     function definition for 'lines'
    compute_design_performance : expected_duration_plot: no visible global
     function definition for 'legend'
    compute_design_performance : boundary_adapt_plot: no visible global
     function definition for 'matplot'
    compute_design_performance : boundary_adapt_plot: no visible global
     function definition for 'legend'
    compute_design_performance : boundary_standard_H0C_plot: no visible
     global function definition for 'matplot'
    compute_design_performance : boundary_standard_H0C_plot: no visible
     global function definition for 'legend'
    compute_design_performance : boundary_standard_H01_plot: no visible
     global function definition for 'matplot'
    compute_design_performance : boundary_standard_H01_plot: no visible
     global function definition for 'legend'
    Undefined global functions or variables:
     legend lines matplot read.csv rnorm
    Consider adding
     importFrom("graphics", "legend", "lines", "matplot")
     importFrom("stats", "rnorm")
     importFrom("utils", "read.csv")
    to your NAMESPACE file.
Flavors: r-devel-linux-x86_64-debian-clang, r-devel-linux-x86_64-debian-gcc, r-devel-linux-x86_64-fedora-clang, r-devel-linux-x86_64-fedora-gcc, r-devel-windows-ix86+x86_64, r-patched-linux-x86_64, r-patched-solaris-x86, r-release-linux-x86_64, r-release-windows-ix86+x86_64

Version: 0.1
Check: R code for possible problems
Result: NOTE
    compute_design_performance: no visible global function definition for
     ‘read.csv’
    compute_design_performance : get_power: no visible global function
     definition for ‘rnorm’
    compute_design_performance : power_curve_plot: no visible global
     function definition for ‘plot’
    compute_design_performance : power_curve_plot: no visible global
     function definition for ‘lines’
    compute_design_performance : power_curve_plot: no visible global
     function definition for ‘legend’
    compute_design_performance : expected_sample_size_plot: no visible
     global function definition for ‘plot’
    compute_design_performance : expected_sample_size_plot: no visible
     global function definition for ‘lines’
    compute_design_performance : expected_sample_size_plot: no visible
     global function definition for ‘legend’
    compute_design_performance : expected_duration_plot: no visible global
     function definition for ‘plot’
    compute_design_performance : expected_duration_plot: no visible global
     function definition for ‘lines’
    compute_design_performance : expected_duration_plot: no visible global
     function definition for ‘legend’
    compute_design_performance : boundary_adapt_plot: no visible global
     function definition for ‘matplot’
    compute_design_performance : boundary_adapt_plot: no visible global
     function definition for ‘legend’
    compute_design_performance : boundary_standard_H0C_plot: no visible
     global function definition for ‘matplot’
    compute_design_performance : boundary_standard_H0C_plot: no visible
     global function definition for ‘legend’
    compute_design_performance : boundary_standard_H01_plot: no visible
     global function definition for ‘matplot’
    compute_design_performance : boundary_standard_H01_plot: no visible
     global function definition for ‘legend’
    Undefined global functions or variables:
     legend lines matplot plot read.csv rnorm
    Consider adding
     importFrom("graphics", "legend", "lines", "matplot", "plot")
     importFrom("stats", "rnorm")
     importFrom("utils", "read.csv")
    to your NAMESPACE file.
Flavors: r-oldrel-macos-x86_64, r-oldrel-windows-ix86+x86_64