CRAN Package Check Results for Package interactions

Last updated on 2020-07-05 18:52:06 CEST.

Flavor Version Tinstall Tcheck Ttotal Status Flags
r-devel-linux-x86_64-debian-clang 1.1.3 10.44 354.51 364.95 OK
r-devel-linux-x86_64-debian-gcc 1.1.3 8.43 262.58 271.01 OK
r-devel-linux-x86_64-fedora-clang 1.1.3 423.68 NOTE
r-devel-linux-x86_64-fedora-gcc 1.1.3 438.01 OK
r-devel-windows-ix86+x86_64 1.1.3 26.00 462.00 488.00 OK
r-patched-linux-x86_64 1.1.3 9.73 344.28 354.01 NOTE
r-patched-solaris-x86 1.1.3 516.80 OK
r-release-linux-x86_64 1.1.3 10.53 341.35 351.88 NOTE
r-release-osx-x86_64 1.1.3 OK
r-release-windows-ix86+x86_64 1.1.3 18.00 348.00 366.00 OK
r-oldrel-osx-x86_64 1.1.3 OK
r-oldrel-windows-ix86+x86_64 1.1.3 27.00 512.00 539.00 OK

Check Details

Version: 1.1.3
Check: Rd cross-references
Result: NOTE
    Undeclared packages ‘quantreg’, ‘effects’, ‘Hmisc’, ‘rockchalk’, ‘pequod’ in Rd xrefs
Flavor: r-devel-linux-x86_64-fedora-clang

Version: 1.1.3
Check: package dependencies
Result: NOTE
    Package which this enhances but not available for checking: ‘rstanarm’
Flavors: r-patched-linux-x86_64, r-release-linux-x86_64