CRAN Package Check Results for Package interactions

Last updated on 2020-01-28 01:54:44 CET.

Flavor Version Tinstall Tcheck Ttotal Status Flags
r-devel-linux-x86_64-debian-clang 1.1.1 9.13 263.76 272.89 NOTE
r-devel-linux-x86_64-debian-gcc 1.1.1 6.99 199.08 206.07 NOTE
r-devel-linux-x86_64-fedora-clang 1.1.1 325.18 NOTE
r-devel-linux-x86_64-fedora-gcc 1.1.1 305.67 NOTE
r-devel-windows-ix86+x86_64 1.1.1 15.00 341.00 356.00 OK
r-devel-windows-ix86+x86_64-gcc8 1.1.1 26.00 257.00 283.00 OK
r-patched-linux-x86_64 1.1.1 NOTE
r-patched-solaris-x86 1.1.1 359.70 NOTE
r-release-linux-x86_64 1.1.1 7.21 231.42 238.63 NOTE
r-release-windows-ix86+x86_64 1.1.1 16.00 226.00 242.00 OK
r-release-osx-x86_64 1.1.1 OK
r-oldrel-windows-ix86+x86_64 1.1.1 14.00 313.00 327.00 OK
r-oldrel-osx-x86_64 1.1.1 OK

Check Details

Version: 1.1.1
Check: package dependencies
Result: NOTE
    Package which this enhances but not available for checking: 'rstanarm'
Flavors: r-devel-linux-x86_64-debian-clang, r-devel-linux-x86_64-debian-gcc, r-devel-linux-x86_64-fedora-clang, r-devel-linux-x86_64-fedora-gcc, r-patched-linux-x86_64, r-patched-solaris-x86, r-release-linux-x86_64