CRAN Package Check Results for Package interflex

Last updated on 2022-08-08 20:53:49 CEST.

Flavor Version Tinstall Tcheck Ttotal Status Flags
r-devel-linux-x86_64-debian-clang 1.2.6 95.40 180.44 275.84 OK
r-devel-linux-x86_64-debian-gcc 1.2.6 77.63 130.34 207.97 OK
r-devel-linux-x86_64-fedora-clang 1.2.6 366.30 OK
r-devel-linux-x86_64-fedora-gcc 1.2.6 342.68 OK
r-devel-windows-x86_64 1.2.6 88.00 209.00 297.00 OK
r-patched-linux-x86_64 1.2.6 83.85 172.44 256.29 OK
r-release-linux-x86_64 1.2.6 OK
r-release-macos-arm64 1.2.6 80.00 OK
r-release-macos-x86_64 1.2.6 6.00 ERROR
r-release-windows-x86_64 1.2.6 82.00 210.00 292.00 OK
r-oldrel-macos-arm64 1.2.6 92.00 OK
r-oldrel-macos-x86_64 1.2.6 150.00 OK
r-oldrel-windows-ix86+x86_64 1.2.6 207.00 247.00 454.00 OK

Check Details

Version: 1.2.6
Check: package dependencies
Result: ERROR
    Package required but not available: ‘pcse’
    
    See section ‘The DESCRIPTION file’ in the ‘Writing R Extensions’
    manual.
Flavor: r-release-macos-x86_64