CRAN Package Check Results for Package interfr

Last updated on 2023-10-04 14:03:51 CEST.

Flavor Version Tinstall Tcheck Ttotal Status Flags
r-devel-linux-x86_64-debian-clang 0.1.0 2.97 27.70 30.67 OK
r-devel-linux-x86_64-debian-gcc 0.1.0 2.22 21.78 24.00 OK
r-devel-linux-x86_64-fedora-clang 0.1.0 37.37 NOTE
r-devel-linux-x86_64-fedora-gcc 0.1.0 37.48 OK
r-devel-windows-x86_64 0.1.0 3.00 51.00 54.00 OK
r-patched-linux-x86_64 0.1.0 3.01 24.96 27.97 OK
r-release-linux-x86_64 0.1.0 2.77 25.20 27.97 OK
r-release-macos-arm64 0.1.0 18.00 OK
r-release-macos-x86_64 0.1.0 22.00 OK
r-release-windows-x86_64 0.1.0 4.00 47.00 51.00 OK
r-oldrel-macos-arm64 0.1.0 18.00 OK
r-oldrel-macos-x86_64 0.1.0 23.00 OK
r-oldrel-windows-x86_64 0.1.0 4.00 50.00 54.00 OK

Check Details

Version: 0.1.0
Check: Rd cross-references
Result: NOTE
    Undeclared package ‘colorspace’ in Rd xrefs
Flavor: r-devel-linux-x86_64-fedora-clang