CRAN Package Check Results for Package interfr

Last updated on 2022-12-05 21:54:41 CET.

Flavor Version Tinstall Tcheck Ttotal Status Flags
r-devel-linux-x86_64-debian-clang 0.1.0 2.08 28.37 30.45 OK
r-devel-linux-x86_64-debian-gcc 0.1.0 2.14 21.66 23.80 OK
r-devel-linux-x86_64-fedora-clang 0.1.0 47.81 NOTE
r-devel-linux-x86_64-fedora-gcc 0.1.0 48.54 OK
r-devel-windows-x86_64 0.1.0 10.00 66.00 76.00 OK
r-patched-linux-x86_64 0.1.0 2.38 25.76 28.14 OK
r-release-linux-x86_64 0.1.0 2.00 26.47 28.47 OK
r-release-macos-arm64 0.1.0 16.00 OK
r-release-macos-x86_64 0.1.0 23.00 OK
r-release-windows-x86_64 0.1.0 9.00 63.00 72.00 OK
r-oldrel-macos-arm64 0.1.0 20.00 OK
r-oldrel-macos-x86_64 0.1.0 30.00 OK
r-oldrel-windows-ix86+x86_64 0.1.0 7.00 51.00 58.00 OK

Check Details

Version: 0.1.0
Check: Rd cross-references
Result: NOTE
    Undeclared package ‘colorspace’ in Rd xrefs
Flavor: r-devel-linux-x86_64-fedora-clang